{"id":1120,"date":"2017-11-08T16:06:55","date_gmt":"2017-11-08T14:06:55","guid":{"rendered":"http:\/\/www.vereinigte-kalkwerke.de\/?p=1120"},"modified":"2020-11-12T20:25:11","modified_gmt":"2020-11-12T18:25:11","slug":"geburtstage-im-oktober-2017","status":"publish","type":"page","link":"https:\/\/www.vereinigte-kalkwerke.de\/?page_id=1120","title":{"rendered":"Geburtstage im Oktober 2017 Johannes, Fritz und Heinz"},"content":{"rendered":"<p>Die Stammtischfreunde Fritz B\u00f6mer, Johannes Stemmer und Heinz Schulte-Hobein feierten im Oktober ihre Geburtstage mit den Vereinigten Kalkwerken im Ratskeller. Neben den \u00fcblichen Runden gab es auch leckeres Essen. Die Stammtischfreunde lie\u00dfen die Jubilare mit kr\u00e4ftigem Gesang hochleben und der Speaker Wilhelm Geldmacher hatte f\u00fcr alle wieder weise Zitate und Horoskope.<\/p>\n<p>Werner B\u00fchner hatte zum runden Geburtstag von Johannes wieder ein sch\u00f6nes Gedicht verfasst, welches gemeinsam vorgetragen wurde:<\/p>\n<p>Gedicht zum Geburtstag von Johannes:<\/p>\n<p><a href=\"https:\/\/www.vereinigte-kalkwerke.de\/wp-content\/uploads\/2017\/11\/Unserem-Stammtischfreund-Johannes-Stemmer-zum-Achtzigsten.pdf\">Unserem Stammtischfreund Johannes Stemmer zum Achtzigsten<\/a><\/p>\n<p>Dazu gab es lecker Rinderwurst mit Bratkartoffeln.<\/p>\n<p><a href=\"https:\/\/www.vereinigte-kalkwerke.de\/wp-content\/uploads\/2017\/11\/20171018_191844.jpg\"><img loading=\"lazy\" class=\"alignleft size-medium wp-image-1123\" src=\"https:\/\/www.vereinigte-kalkwerke.de\/wp-content\/uploads\/2017\/11\/20171018_191844-300x169.jpg\" alt=\"\" width=\"300\" height=\"169\" srcset=\"https:\/\/www.vereinigte-kalkwerke.de\/wp-content\/uploads\/2017\/11\/20171018_191844-300x169.jpg 300w, https:\/\/www.vereinigte-kalkwerke.de\/wp-content\/uploads\/2017\/11\/20171018_191844-768x432.jpg 768w, https:\/\/www.vereinigte-kalkwerke.de\/wp-content\/uploads\/2017\/11\/20171018_191844-1024x576.jpg 1024w\" sizes=\"(max-width: 300px) 100vw, 300px\" \/><\/a> <a href=\"https:\/\/www.vereinigte-kalkwerke.de\/wp-content\/uploads\/2017\/11\/20171018_191756.jpg\"><img loading=\"lazy\" class=\"alignleft size-medium wp-image-1122\" src=\"https:\/\/www.vereinigte-kalkwerke.de\/wp-content\/uploads\/2017\/11\/20171018_191756-300x169.jpg\" alt=\"\" width=\"300\" height=\"169\" srcset=\"https:\/\/www.vereinigte-kalkwerke.de\/wp-content\/uploads\/2017\/11\/20171018_191756-300x169.jpg 300w, https:\/\/www.vereinigte-kalkwerke.de\/wp-content\/uploads\/2017\/11\/20171018_191756-768x432.jpg 768w, https:\/\/www.vereinigte-kalkwerke.de\/wp-content\/uploads\/2017\/11\/20171018_191756-1024x576.jpg 1024w\" sizes=\"(max-width: 300px) 100vw, 300px\" \/><\/a><\/p>\n<p>&nbsp;<\/p>\n<p>&nbsp;<\/p>\n<p>&nbsp;<\/p>\n<p>&nbsp;<\/p>\n<p>&nbsp;<\/p>\n<p>&nbsp;<\/p>\n<p>&nbsp;<\/p>\n<p>&nbsp;<\/p>\n<p>Hier auch einige Bilder zum Geburtstag von Fritz und Heinz, die am gleichen Abend feierten. Es gab sauerl\u00e4ndische Schnittchen mit Blut-, Leberwurst und Schinken sowie K\u00e4se belegt. Dazu zur besseren Verteilung eine Runde Pillkaller, die in der \u00fcblichen Zeremonie von Wilhelm Geldmacher aufgelassen wurde.<\/p>\n<p><a href=\"https:\/\/www.vereinigte-kalkwerke.de\/wp-content\/uploads\/2017\/11\/IMG_0156.jpg\"><img loading=\"lazy\" class=\"alignleft wp-image-1128 size-thumbnail\" src=\"https:\/\/www.vereinigte-kalkwerke.de\/wp-content\/uploads\/2017\/11\/IMG_0156-150x150.jpg\" alt=\"\" width=\"150\" height=\"150\"><\/a> <a href=\"https:\/\/www.vereinigte-kalkwerke.de\/wp-content\/uploads\/2017\/11\/IMG_0155.jpg\"><img loading=\"lazy\" class=\"alignleft wp-image-1127 size-thumbnail\" src=\"https:\/\/www.vereinigte-kalkwerke.de\/wp-content\/uploads\/2017\/11\/IMG_0155-150x150.jpg\" alt=\"\" width=\"150\" height=\"150\"><\/a> <a href=\"https:\/\/www.vereinigte-kalkwerke.de\/wp-content\/uploads\/2017\/11\/IMG_0154.jpg\"><img loading=\"lazy\" class=\"alignleft wp-image-1126 size-thumbnail\" src=\"https:\/\/www.vereinigte-kalkwerke.de\/wp-content\/uploads\/2017\/11\/IMG_0154-150x150.jpg\" alt=\"\" width=\"150\" height=\"150\"><\/a> <a href=\"https:\/\/www.vereinigte-kalkwerke.de\/wp-content\/uploads\/2017\/11\/IMG_0153.jpg\"><img loading=\"lazy\" class=\"alignleft size-thumbnail wp-image-1125\" src=\"https:\/\/www.vereinigte-kalkwerke.de\/wp-content\/uploads\/2017\/11\/IMG_0153-150x150.jpg\" alt=\"\" width=\"150\" height=\"150\"><\/a><\/p>\n<p>&nbsp;<\/p>\n<p>&nbsp;<\/p>\n<p>&nbsp;<\/p>\n<p><a href=\"https:\/\/www.vereinigte-kalkwerke.de\/wp-content\/uploads\/2017\/11\/IMG_0158.jpg\"><img loading=\"lazy\" class=\"alignleft size-thumbnail wp-image-1130\" src=\"https:\/\/www.vereinigte-kalkwerke.de\/wp-content\/uploads\/2017\/11\/IMG_0158-150x150.jpg\" alt=\"\" width=\"150\" height=\"150\"><\/a> <a href=\"https:\/\/www.vereinigte-kalkwerke.de\/wp-content\/uploads\/2017\/11\/IMG_0159.jpg\"><img loading=\"lazy\" class=\"alignleft size-thumbnail wp-image-1131\" src=\"https:\/\/www.vereinigte-kalkwerke.de\/wp-content\/uploads\/2017\/11\/IMG_0159-150x150.jpg\" alt=\"\" width=\"150\" height=\"150\"><\/a> <a href=\"https:\/\/www.vereinigte-kalkwerke.de\/wp-content\/uploads\/2017\/11\/IMG_0160.jpg\"><img loading=\"lazy\" class=\"alignleft size-thumbnail wp-image-1132\" src=\"https:\/\/www.vereinigte-kalkwerke.de\/wp-content\/uploads\/2017\/11\/IMG_0160-150x150.jpg\" alt=\"\" width=\"150\" height=\"150\"><\/a> <a href=\"https:\/\/www.vereinigte-kalkwerke.de\/wp-content\/uploads\/2017\/11\/IMG_0161.jpg\"><img loading=\"lazy\" class=\"alignleft size-thumbnail wp-image-1133\" src=\"https:\/\/www.vereinigte-kalkwerke.de\/wp-content\/uploads\/2017\/11\/IMG_0161-150x150.jpg\" alt=\"\" width=\"150\" height=\"150\"><\/a> <a href=\"https:\/\/www.vereinigte-kalkwerke.de\/wp-content\/uploads\/2017\/11\/IMG_0162.jpg\"><img loading=\"lazy\" class=\"alignleft size-thumbnail wp-image-1134\" src=\"https:\/\/www.vereinigte-kalkwerke.de\/wp-content\/uploads\/2017\/11\/IMG_0162-150x150.jpg\" alt=\"\" width=\"150\" height=\"150\"><\/a><\/p>\n","protected":false},"excerpt":{"rendered":"<p>Die Stammtischfreunde Fritz B\u00f6mer, Johannes Stemmer und Heinz Schulte-Hobein feierten im Oktober ihre Geburtstage mit den Vereinigten Kalkwerken im Ratskeller. Neben den \u00fcblichen Runden gab es auch leckeres Essen. Die Stammtischfreunde lie\u00dfen die Jubilare mit kr\u00e4ftigem Gesang hochleben und der Speaker Wilhelm Geldmacher hatte f\u00fcr alle wieder weise Zitate und Horoskope. Werner B\u00fchner hatte zum &hellip; <a class=\"read-excerpt\" href=\"https:\/\/www.vereinigte-kalkwerke.de\/?page_id=1120\">Weiterlesen <span class=\"meta-nav\">&raquo;<\/span><\/a><\/p>\n","protected":false},"author":2,"featured_media":0,"parent":2093,"menu_order":6,"comment_status":"open","ping_status":"open","template":"","meta":[],"_links":{"self":[{"href":"https:\/\/www.vereinigte-kalkwerke.de\/index.php?rest_route=\/wp\/v2\/pages\/1120"}],"collection":[{"href":"https:\/\/www.vereinigte-kalkwerke.de\/index.php?rest_route=\/wp\/v2\/pages"}],"about":[{"href":"https:\/\/www.vereinigte-kalkwerke.de\/index.php?rest_route=\/wp\/v2\/types\/page"}],"author":[{"embeddable":true,"href":"https:\/\/www.vereinigte-kalkwerke.de\/index.php?rest_route=\/wp\/v2\/users\/2"}],"replies":[{"embeddable":true,"href":"https:\/\/www.vereinigte-kalkwerke.de\/index.php?rest_route=%2Fwp%2Fv2%2Fcomments&post=1120"}],"version-history":[{"count":5,"href":"https:\/\/www.vereinigte-kalkwerke.de\/index.php?rest_route=\/wp\/v2\/pages\/1120\/revisions"}],"predecessor-version":[{"id":2134,"href":"https:\/\/www.vereinigte-kalkwerke.de\/index.php?rest_route=\/wp\/v2\/pages\/1120\/revisions\/2134"}],"up":[{"embeddable":true,"href":"https:\/\/www.vereinigte-kalkwerke.de\/index.php?rest_route=\/wp\/v2\/pages\/2093"}],"wp:attachment":[{"href":"https:\/\/www.vereinigte-kalkwerke.de\/index.php?rest_route=%2Fwp%2Fv2%2Fmedia&parent=1120"}],"curies":[{"name":"wp","href":"https:\/\/api.w.org\/{rel}","templated":true}]}}