{"id":1193,"date":"2018-01-10T14:53:41","date_gmt":"2018-01-10T12:53:41","guid":{"rendered":"http:\/\/www.vereinigte-kalkwerke.de\/?p=1193"},"modified":"2020-11-13T16:57:37","modified_gmt":"2020-11-13T14:57:37","slug":"speakers-day-2018-im-cheers","status":"publish","type":"page","link":"https:\/\/www.vereinigte-kalkwerke.de\/?page_id=1193","title":{"rendered":"Speakers day 2018 im Cheers"},"content":{"rendered":"<p><a href=\"https:\/\/www.vereinigte-kalkwerke.de\/wp-content\/uploads\/2018\/01\/IMG_2659.jpg\"><img loading=\"lazy\" class=\"alignleft size-thumbnail wp-image-1217\" src=\"https:\/\/www.vereinigte-kalkwerke.de\/wp-content\/uploads\/2018\/01\/IMG_2659-150x150.jpg\" alt=\"\" width=\"150\" height=\"150\"><\/a>Am <strong>03.01.2018<\/strong> trafen sich die VKW zum ersten Stammtisch im neuen Jahr, den &#8222;Speakers day&#8220; im Cheers. Wie jedes Jahr wieder spendeten die Stammtischfreunde dem Speaker Wilhelm Geldmacher Geldbetr\u00e4ge und kleine Aufmerksamkeiten als Anerkennung f\u00fcr seinen Einsatz f\u00fcr den Stammtisch im abgelaufenen Jahr. Alle Geld- und Sachspenden sammelt der Speaker in einem Zylinder, daher wird dieser erste Stammtischabend im neuen Jahr auch \u201eZylinderabend\u201c genannt. Aus den Einnahmen begleicht der Speaker die ersten Runden.<\/p>\n<p>Zur Erg\u00e4nzung der reichlichen Geldspenden wurden dann auch die Sachspenden meistbietend versteigert. Schon traditionell ist hier <em>&#8222;Auktion\u00e4r&#8220;<\/em> Franz Eggenstein zust\u00e4ndig. Mit gro\u00dfen Geschick versteigerte er an diesem Abend auch die unsinnigsten Sachgeschenke an die Stammtischfreunde und die nette Bedienung des Cheers, so dass ein sehr respektabler Betrag zusammen kam und das Portemonnaie des Speakers verschont blieb.<\/p>\n<p><a href=\"https:\/\/www.vereinigte-kalkwerke.de\/wp-content\/uploads\/2018\/01\/MG_0401.jpg\"><img loading=\"lazy\" class=\"alignleft wp-image-1231 size-thumbnail\" src=\"https:\/\/www.vereinigte-kalkwerke.de\/wp-content\/uploads\/2018\/01\/MG_0401-e1605279113550-150x150.jpg\" alt=\"\" width=\"150\" height=\"150\"><\/a>Rolf Brand hatte am Stammtisch dreimal als Gast teilgenommen. W\u00e4hrend der Abstimmung \u00fcber seine Aufnahme am Tisch musste Rolf vor dem Cheers auf das einstimmig positive Ergebnis warten.<\/p>\n<p><em><span style=\"color: #3366ff;\">Bilder von \u201eSpeakers day\u201c findet Ihr hier: Vergr\u00f6\u00dferung der Bilder durch Doppelklick!<\/span><\/em><\/p>\n<p><a href=\"https:\/\/www.vereinigte-kalkwerke.de\/wp-content\/uploads\/2018\/01\/MG_0388.jpg\"><img loading=\"lazy\" class=\"alignleft size-thumbnail wp-image-1221\" src=\"https:\/\/www.vereinigte-kalkwerke.de\/wp-content\/uploads\/2018\/01\/MG_0388-150x150.jpg\" alt=\"\" width=\"150\" height=\"150\"><\/a> <a href=\"https:\/\/www.vereinigte-kalkwerke.de\/wp-content\/uploads\/2018\/01\/MG_0394.jpg\"><img loading=\"lazy\" class=\"alignleft size-thumbnail wp-image-1224\" src=\"https:\/\/www.vereinigte-kalkwerke.de\/wp-content\/uploads\/2018\/01\/MG_0394-150x150.jpg\" alt=\"\" width=\"150\" height=\"150\"><\/a> <a href=\"https:\/\/www.vereinigte-kalkwerke.de\/wp-content\/uploads\/2018\/01\/MG_0395.jpg\"><img loading=\"lazy\" class=\"alignleft size-thumbnail wp-image-1225\" src=\"https:\/\/www.vereinigte-kalkwerke.de\/wp-content\/uploads\/2018\/01\/MG_0395-150x150.jpg\" alt=\"\" width=\"150\" height=\"150\"><\/a> <a href=\"https:\/\/www.vereinigte-kalkwerke.de\/wp-content\/uploads\/2018\/01\/MG_0397.jpg\"><img loading=\"lazy\" class=\"alignleft wp-image-1227 size-thumbnail\" src=\"https:\/\/www.vereinigte-kalkwerke.de\/wp-content\/uploads\/2018\/01\/MG_0397-150x150.jpg\" alt=\"\" width=\"150\" height=\"150\"><\/a> <a href=\"https:\/\/www.vereinigte-kalkwerke.de\/wp-content\/uploads\/2018\/01\/MG_0398.jpg\"><img loading=\"lazy\" class=\"alignleft size-thumbnail wp-image-1228\" src=\"https:\/\/www.vereinigte-kalkwerke.de\/wp-content\/uploads\/2018\/01\/MG_0398-150x150.jpg\" alt=\"\" width=\"150\" height=\"150\"><\/a> <a href=\"https:\/\/www.vereinigte-kalkwerke.de\/wp-content\/uploads\/2018\/01\/MG_0399.jpg\"><img loading=\"lazy\" class=\"alignleft size-thumbnail wp-image-1229\" src=\"https:\/\/www.vereinigte-kalkwerke.de\/wp-content\/uploads\/2018\/01\/MG_0399-150x150.jpg\" alt=\"\" width=\"150\" height=\"150\"><\/a> <a href=\"https:\/\/www.vereinigte-kalkwerke.de\/wp-content\/uploads\/2018\/01\/MG_0402.jpg\"><img loading=\"lazy\" class=\"alignleft size-thumbnail wp-image-1232\" src=\"https:\/\/www.vereinigte-kalkwerke.de\/wp-content\/uploads\/2018\/01\/MG_0402-150x150.jpg\" alt=\"\" width=\"150\" height=\"150\"><\/a> <a href=\"https:\/\/www.vereinigte-kalkwerke.de\/wp-content\/uploads\/2018\/01\/MG_0404.jpg\"><img loading=\"lazy\" class=\"alignleft size-thumbnail wp-image-1234\" src=\"https:\/\/www.vereinigte-kalkwerke.de\/wp-content\/uploads\/2018\/01\/MG_0404-150x150.jpg\" alt=\"\" width=\"150\" height=\"150\"><\/a> <a href=\"https:\/\/www.vereinigte-kalkwerke.de\/wp-content\/uploads\/2018\/01\/MG_0405.jpg\"><img loading=\"lazy\" class=\"alignleft size-thumbnail wp-image-1235\" src=\"https:\/\/www.vereinigte-kalkwerke.de\/wp-content\/uploads\/2018\/01\/MG_0405-150x150.jpg\" alt=\"\" width=\"150\" height=\"150\"><\/a> <a href=\"https:\/\/www.vereinigte-kalkwerke.de\/wp-content\/uploads\/2018\/01\/MG_0406.jpg\"><img loading=\"lazy\" class=\"alignleft size-thumbnail wp-image-1236\" src=\"https:\/\/www.vereinigte-kalkwerke.de\/wp-content\/uploads\/2018\/01\/MG_0406-150x150.jpg\" alt=\"\" width=\"150\" height=\"150\"><\/a> <a href=\"https:\/\/www.vereinigte-kalkwerke.de\/wp-content\/uploads\/2018\/01\/MG_0408.jpg\"><img loading=\"lazy\" class=\"alignleft size-thumbnail wp-image-1238\" src=\"https:\/\/www.vereinigte-kalkwerke.de\/wp-content\/uploads\/2018\/01\/MG_0408-150x150.jpg\" alt=\"\" width=\"150\" height=\"150\"><\/a> <a href=\"https:\/\/www.vereinigte-kalkwerke.de\/wp-content\/uploads\/2018\/01\/MG_0409.jpg\"><img loading=\"lazy\" class=\"alignleft size-thumbnail wp-image-1239\" src=\"https:\/\/www.vereinigte-kalkwerke.de\/wp-content\/uploads\/2018\/01\/MG_0409-150x150.jpg\" alt=\"\" width=\"150\" height=\"150\"><\/a> <a href=\"https:\/\/www.vereinigte-kalkwerke.de\/wp-content\/uploads\/2018\/01\/MG_0410.jpg\"><img loading=\"lazy\" class=\"alignleft size-thumbnail wp-image-1240\" src=\"https:\/\/www.vereinigte-kalkwerke.de\/wp-content\/uploads\/2018\/01\/MG_0410-150x150.jpg\" alt=\"\" width=\"150\" height=\"150\"><\/a> <a href=\"https:\/\/www.vereinigte-kalkwerke.de\/wp-content\/uploads\/2018\/01\/MG_0414.jpg\"><img loading=\"lazy\" class=\"alignleft size-thumbnail wp-image-1244\" src=\"https:\/\/www.vereinigte-kalkwerke.de\/wp-content\/uploads\/2018\/01\/MG_0414-150x150.jpg\" alt=\"\" width=\"150\" height=\"150\"><\/a> <a href=\"https:\/\/www.vereinigte-kalkwerke.de\/wp-content\/uploads\/2018\/01\/MG_0418.jpg\"><img loading=\"lazy\" class=\"alignleft size-thumbnail wp-image-1248\" src=\"https:\/\/www.vereinigte-kalkwerke.de\/wp-content\/uploads\/2018\/01\/MG_0418-150x150.jpg\" alt=\"\" width=\"150\" height=\"150\"><\/a> <a href=\"https:\/\/www.vereinigte-kalkwerke.de\/wp-content\/uploads\/2018\/01\/MG_0420.jpg\"><img loading=\"lazy\" class=\"alignleft size-thumbnail wp-image-1249\" src=\"https:\/\/www.vereinigte-kalkwerke.de\/wp-content\/uploads\/2018\/01\/MG_0420-150x150.jpg\" alt=\"\" width=\"150\" height=\"150\"><\/a> <a href=\"https:\/\/www.vereinigte-kalkwerke.de\/wp-content\/uploads\/2018\/01\/MG_0422.jpg\"><img loading=\"lazy\" class=\"alignleft size-thumbnail wp-image-1251\" src=\"https:\/\/www.vereinigte-kalkwerke.de\/wp-content\/uploads\/2018\/01\/MG_0422-150x150.jpg\" alt=\"\" width=\"150\" height=\"150\"><\/a> <a href=\"https:\/\/www.vereinigte-kalkwerke.de\/wp-content\/uploads\/2018\/01\/MG_0424.jpg\"><img loading=\"lazy\" class=\"alignleft size-thumbnail wp-image-1253\" src=\"https:\/\/www.vereinigte-kalkwerke.de\/wp-content\/uploads\/2018\/01\/MG_0424-150x150.jpg\" alt=\"\" width=\"150\" height=\"150\"><\/a><\/p>\n<p>Und jetzt noch sehr sch\u00f6ne Bilder von Diether: (alle aus diesem Jahr!!!)<\/p>\n<p><a href=\"https:\/\/www.vereinigte-kalkwerke.de\/wp-content\/uploads\/2018\/01\/P1040975.jpg\"><img loading=\"lazy\" class=\"alignleft size-thumbnail wp-image-1259\" src=\"https:\/\/www.vereinigte-kalkwerke.de\/wp-content\/uploads\/2018\/01\/P1040975-150x150.jpg\" alt=\"\" width=\"150\" height=\"150\"><\/a> <a href=\"https:\/\/www.vereinigte-kalkwerke.de\/wp-content\/uploads\/2018\/01\/P1040976.jpg\"><img loading=\"lazy\" class=\"alignleft size-thumbnail wp-image-1260\" src=\"https:\/\/www.vereinigte-kalkwerke.de\/wp-content\/uploads\/2018\/01\/P1040976-150x150.jpg\" alt=\"\" width=\"150\" height=\"150\"><\/a> <a href=\"https:\/\/www.vereinigte-kalkwerke.de\/wp-content\/uploads\/2018\/01\/P1040977.jpg\"><img loading=\"lazy\" class=\"alignleft size-thumbnail wp-image-1261\" src=\"https:\/\/www.vereinigte-kalkwerke.de\/wp-content\/uploads\/2018\/01\/P1040977-150x150.jpg\" alt=\"\" width=\"150\" height=\"150\"><\/a> <a href=\"https:\/\/www.vereinigte-kalkwerke.de\/wp-content\/uploads\/2018\/01\/P1040978.jpg\"><img loading=\"lazy\" class=\"alignleft size-thumbnail wp-image-1262\" src=\"https:\/\/www.vereinigte-kalkwerke.de\/wp-content\/uploads\/2018\/01\/P1040978-150x150.jpg\" alt=\"\" width=\"150\" height=\"150\"><\/a> <a href=\"https:\/\/www.vereinigte-kalkwerke.de\/wp-content\/uploads\/2018\/01\/P1040980.jpg\"><img loading=\"lazy\" class=\"alignleft size-thumbnail wp-image-1263\" src=\"https:\/\/www.vereinigte-kalkwerke.de\/wp-content\/uploads\/2018\/01\/P1040980-150x150.jpg\" alt=\"\" width=\"150\" height=\"150\"><\/a> <a href=\"https:\/\/www.vereinigte-kalkwerke.de\/wp-content\/uploads\/2018\/01\/P1040981.jpg\"><img loading=\"lazy\" class=\"alignleft size-thumbnail wp-image-1264\" src=\"https:\/\/www.vereinigte-kalkwerke.de\/wp-content\/uploads\/2018\/01\/P1040981-150x150.jpg\" alt=\"\" width=\"150\" height=\"150\"><\/a> <a href=\"https:\/\/www.vereinigte-kalkwerke.de\/wp-content\/uploads\/2018\/01\/P1040982.jpg\"><img loading=\"lazy\" class=\"alignleft size-thumbnail wp-image-1265\" src=\"https:\/\/www.vereinigte-kalkwerke.de\/wp-content\/uploads\/2018\/01\/P1040982-150x150.jpg\" alt=\"\" width=\"150\" height=\"150\"><\/a> <a href=\"https:\/\/www.vereinigte-kalkwerke.de\/wp-content\/uploads\/2018\/01\/P1040983.jpg\"><img loading=\"lazy\" class=\"alignleft size-thumbnail wp-image-1266\" src=\"https:\/\/www.vereinigte-kalkwerke.de\/wp-content\/uploads\/2018\/01\/P1040983-150x150.jpg\" alt=\"\" width=\"150\" height=\"150\"><\/a> <a href=\"https:\/\/www.vereinigte-kalkwerke.de\/wp-content\/uploads\/2018\/01\/P1040985.jpg\"><img loading=\"lazy\" class=\"alignleft size-thumbnail wp-image-1267\" src=\"https:\/\/www.vereinigte-kalkwerke.de\/wp-content\/uploads\/2018\/01\/P1040985-150x150.jpg\" alt=\"\" width=\"150\" height=\"150\"><\/a> <a href=\"https:\/\/www.vereinigte-kalkwerke.de\/wp-content\/uploads\/2018\/01\/P1040986.jpg\"><img loading=\"lazy\" class=\"alignleft size-thumbnail wp-image-1268\" src=\"https:\/\/www.vereinigte-kalkwerke.de\/wp-content\/uploads\/2018\/01\/P1040986-150x150.jpg\" alt=\"\" width=\"150\" height=\"150\"><\/a> <a href=\"https:\/\/www.vereinigte-kalkwerke.de\/wp-content\/uploads\/2018\/01\/P1040987.jpg\"><img loading=\"lazy\" class=\"alignleft size-thumbnail wp-image-1269\" src=\"https:\/\/www.vereinigte-kalkwerke.de\/wp-content\/uploads\/2018\/01\/P1040987-150x150.jpg\" alt=\"\" width=\"150\" height=\"150\"><\/a> <a href=\"https:\/\/www.vereinigte-kalkwerke.de\/wp-content\/uploads\/2018\/01\/P1040988.jpg\"><img loading=\"lazy\" class=\"alignleft size-thumbnail wp-image-1270\" src=\"https:\/\/www.vereinigte-kalkwerke.de\/wp-content\/uploads\/2018\/01\/P1040988-150x150.jpg\" alt=\"\" width=\"150\" height=\"150\"><\/a> <a href=\"https:\/\/www.vereinigte-kalkwerke.de\/wp-content\/uploads\/2018\/01\/P1040989.jpg\"><img loading=\"lazy\" class=\"alignleft size-thumbnail wp-image-1271\" src=\"https:\/\/www.vereinigte-kalkwerke.de\/wp-content\/uploads\/2018\/01\/P1040989-150x150.jpg\" alt=\"\" width=\"150\" height=\"150\"><\/a> <a href=\"https:\/\/www.vereinigte-kalkwerke.de\/wp-content\/uploads\/2018\/01\/P1040990.jpg\"><img loading=\"lazy\" class=\"alignleft size-thumbnail wp-image-1272\" src=\"https:\/\/www.vereinigte-kalkwerke.de\/wp-content\/uploads\/2018\/01\/P1040990-150x150.jpg\" alt=\"\" width=\"150\" height=\"150\"><\/a> <a href=\"https:\/\/www.vereinigte-kalkwerke.de\/wp-content\/uploads\/2018\/01\/P1040991.jpg\"><img loading=\"lazy\" class=\"alignleft size-thumbnail wp-image-1273\" src=\"https:\/\/www.vereinigte-kalkwerke.de\/wp-content\/uploads\/2018\/01\/P1040991-150x150.jpg\" alt=\"\" width=\"150\" height=\"150\"><\/a> <a href=\"https:\/\/www.vereinigte-kalkwerke.de\/wp-content\/uploads\/2018\/01\/P1040992.jpg\"><img loading=\"lazy\" class=\"alignleft size-thumbnail wp-image-1274\" src=\"https:\/\/www.vereinigte-kalkwerke.de\/wp-content\/uploads\/2018\/01\/P1040992-150x150.jpg\" alt=\"\" width=\"150\" height=\"150\"><\/a> <a href=\"https:\/\/www.vereinigte-kalkwerke.de\/wp-content\/uploads\/2018\/01\/P1040993.jpg\"><img loading=\"lazy\" class=\"alignleft size-thumbnail wp-image-1275\" src=\"https:\/\/www.vereinigte-kalkwerke.de\/wp-content\/uploads\/2018\/01\/P1040993-150x150.jpg\" alt=\"\" width=\"150\" height=\"150\"><\/a> <a href=\"https:\/\/www.vereinigte-kalkwerke.de\/wp-content\/uploads\/2018\/01\/P1040994.jpg\"><img loading=\"lazy\" class=\"alignleft size-thumbnail wp-image-1276\" src=\"https:\/\/www.vereinigte-kalkwerke.de\/wp-content\/uploads\/2018\/01\/P1040994-150x150.jpg\" alt=\"\" width=\"150\" height=\"150\"><\/a> <a href=\"https:\/\/www.vereinigte-kalkwerke.de\/wp-content\/uploads\/2018\/01\/P1040995.jpg\"><img loading=\"lazy\" class=\"alignleft size-thumbnail wp-image-1277\" src=\"https:\/\/www.vereinigte-kalkwerke.de\/wp-content\/uploads\/2018\/01\/P1040995-150x150.jpg\" alt=\"\" width=\"150\" height=\"150\"><\/a> <a href=\"https:\/\/www.vereinigte-kalkwerke.de\/wp-content\/uploads\/2018\/01\/P1040996.jpg\"><img loading=\"lazy\" class=\"alignleft size-thumbnail wp-image-1278\" src=\"https:\/\/www.vereinigte-kalkwerke.de\/wp-content\/uploads\/2018\/01\/P1040996-150x150.jpg\" alt=\"\" width=\"150\" height=\"150\"><\/a> <a href=\"https:\/\/www.vereinigte-kalkwerke.de\/wp-content\/uploads\/2018\/01\/P1040997.jpg\"><img loading=\"lazy\" class=\"alignleft size-thumbnail wp-image-1279\" src=\"https:\/\/www.vereinigte-kalkwerke.de\/wp-content\/uploads\/2018\/01\/P1040997-150x150.jpg\" alt=\"\" width=\"150\" height=\"150\"><\/a> <a href=\"https:\/\/www.vereinigte-kalkwerke.de\/wp-content\/uploads\/2018\/01\/P1040998.jpg\"><img loading=\"lazy\" class=\"alignleft size-thumbnail wp-image-1280\" src=\"https:\/\/www.vereinigte-kalkwerke.de\/wp-content\/uploads\/2018\/01\/P1040998-150x150.jpg\" alt=\"\" width=\"150\" height=\"150\"><\/a> <a href=\"https:\/\/www.vereinigte-kalkwerke.de\/wp-content\/uploads\/2018\/01\/P1040999.jpg\"><img loading=\"lazy\" class=\"alignleft size-thumbnail wp-image-1281\" src=\"https:\/\/www.vereinigte-kalkwerke.de\/wp-content\/uploads\/2018\/01\/P1040999-150x150.jpg\" alt=\"\" width=\"150\" height=\"150\"><\/a> <a href=\"https:\/\/www.vereinigte-kalkwerke.de\/wp-content\/uploads\/2018\/01\/P1050001.jpg\"><img loading=\"lazy\" class=\"alignleft size-thumbnail wp-image-1282\" src=\"https:\/\/www.vereinigte-kalkwerke.de\/wp-content\/uploads\/2018\/01\/P1050001-150x150.jpg\" alt=\"\" width=\"150\" height=\"150\"><\/a> <a href=\"https:\/\/www.vereinigte-kalkwerke.de\/wp-content\/uploads\/2018\/01\/P1050002.jpg\"><img loading=\"lazy\" class=\"alignleft size-thumbnail wp-image-1283\" src=\"https:\/\/www.vereinigte-kalkwerke.de\/wp-content\/uploads\/2018\/01\/P1050002-150x150.jpg\" alt=\"\" width=\"150\" height=\"150\"><\/a> <a href=\"https:\/\/www.vereinigte-kalkwerke.de\/wp-content\/uploads\/2018\/01\/P1050003.jpg\"><img loading=\"lazy\" class=\"alignleft size-thumbnail wp-image-1284\" src=\"https:\/\/www.vereinigte-kalkwerke.de\/wp-content\/uploads\/2018\/01\/P1050003-150x150.jpg\" alt=\"\" width=\"150\" height=\"150\"><\/a><\/p>\n","protected":false},"excerpt":{"rendered":"<p>Am 03.01.2018 trafen sich die VKW zum ersten Stammtisch im neuen Jahr, den &#8222;Speakers day&#8220; im Cheers. Wie jedes Jahr wieder spendeten die Stammtischfreunde dem Speaker Wilhelm Geldmacher Geldbetr\u00e4ge und kleine Aufmerksamkeiten als Anerkennung f\u00fcr seinen Einsatz f\u00fcr den Stammtisch im abgelaufenen Jahr. Alle Geld- und Sachspenden sammelt der Speaker in einem Zylinder, daher wird &hellip; <a class=\"read-excerpt\" href=\"https:\/\/www.vereinigte-kalkwerke.de\/?page_id=1193\">Weiterlesen <span class=\"meta-nav\">&raquo;<\/span><\/a><\/p>\n","protected":false},"author":2,"featured_media":0,"parent":2029,"menu_order":5,"comment_status":"open","ping_status":"open","template":"","meta":[],"_links":{"self":[{"href":"https:\/\/www.vereinigte-kalkwerke.de\/index.php?rest_route=\/wp\/v2\/pages\/1193"}],"collection":[{"href":"https:\/\/www.vereinigte-kalkwerke.de\/index.php?rest_route=\/wp\/v2\/pages"}],"about":[{"href":"https:\/\/www.vereinigte-kalkwerke.de\/index.php?rest_route=\/wp\/v2\/types\/page"}],"author":[{"embeddable":true,"href":"https:\/\/www.vereinigte-kalkwerke.de\/index.php?rest_route=\/wp\/v2\/users\/2"}],"replies":[{"embeddable":true,"href":"https:\/\/www.vereinigte-kalkwerke.de\/index.php?rest_route=%2Fwp%2Fv2%2Fcomments&post=1193"}],"version-history":[{"count":17,"href":"https:\/\/www.vereinigte-kalkwerke.de\/index.php?rest_route=\/wp\/v2\/pages\/1193\/revisions"}],"predecessor-version":[{"id":2152,"href":"https:\/\/www.vereinigte-kalkwerke.de\/index.php?rest_route=\/wp\/v2\/pages\/1193\/revisions\/2152"}],"up":[{"embeddable":true,"href":"https:\/\/www.vereinigte-kalkwerke.de\/index.php?rest_route=\/wp\/v2\/pages\/2029"}],"wp:attachment":[{"href":"https:\/\/www.vereinigte-kalkwerke.de\/index.php?rest_route=%2Fwp%2Fv2%2Fmedia&parent=1193"}],"curies":[{"name":"wp","href":"https:\/\/api.w.org\/{rel}","templated":true}]}}