{"id":1401,"date":"2018-01-30T21:14:47","date_gmt":"2018-01-30T19:14:47","guid":{"rendered":"http:\/\/www.vereinigte-kalkwerke.de\/?p=1401"},"modified":"2020-11-13T17:04:22","modified_gmt":"2020-11-13T15:04:22","slug":"vkw-und-pauerlaender-organisieren-karneval-wie-frueher-zu-gunsten-der-hospiz-stiftung","status":"publish","type":"page","link":"https:\/\/www.vereinigte-kalkwerke.de\/?page_id=1401","title":{"rendered":"VKW und Pauerl\u00e4nder organisieren &#8222;Karneval wie fr\u00fcher&#8220; zu Gunsten der Hospiz-Stiftung"},"content":{"rendered":"<p>Unter dem Motto &#8220; Karneval wie Fr\u00fcher&#8220; pr\u00e4sentierten die Pauerl\u00e4nder zusammen mit den Vereinigten Kalkwerken am 27.012018 in der Sch\u00fctzenhalle der B\u00fcrgersch\u00fctzen ein vierst\u00fcndiges Karnevalsprogramm. Moderator Jo Hafner f\u00fchrte gekonnt durch ein buntes Programm mit Auftritten des Blasorchesters der B\u00fcrgersch\u00fctzen. der KLAKAG-Tanzgarden und die gro\u00dfe und kleine Tanzgruppe des Sch\u00fctzenvereins Uentrop. Einer der H\u00f6hepunkte des Abends waren sicherlich die Auftritte der Probstei-Karnevalsfrauen. Der Gesamterl\u00f6s der gelungenen Veranstaltung kommt der Hospiz-Stiftung Arnsberg-Sundern zugute.<\/p>\n<p>Hier der Bericht aus der lokalen Presse:<\/p>\n<p><a href=\"https:\/\/www.vereinigte-kalkwerke.de\/wp-content\/uploads\/2018\/01\/Karneval-VKW-Bericht.pdf\">Karneval VKW Bericht<\/a><\/p>\n<p>Hier Bilder vom Abend:<\/p>\n<p><a href=\"https:\/\/www.vereinigte-kalkwerke.de\/wp-content\/uploads\/2018\/01\/IMG_0466.jpg\"><img loading=\"lazy\" class=\"alignleft wp-image-1404 size-thumbnail\" src=\"https:\/\/www.vereinigte-kalkwerke.de\/wp-content\/uploads\/2018\/01\/IMG_0466-150x150.jpg\" alt=\"\" width=\"150\" height=\"150\" \/><\/a> <a href=\"https:\/\/www.vereinigte-kalkwerke.de\/wp-content\/uploads\/2018\/01\/IMG_0461.jpg\"><img loading=\"lazy\" class=\"alignleft wp-image-1403 size-thumbnail\" src=\"https:\/\/www.vereinigte-kalkwerke.de\/wp-content\/uploads\/2018\/01\/IMG_0461-150x150.jpg\" alt=\"\" width=\"150\" height=\"150\" \/><\/a> <a href=\"https:\/\/www.vereinigte-kalkwerke.de\/wp-content\/uploads\/2018\/01\/IMG_0467.jpg\"><img loading=\"lazy\" class=\"alignleft wp-image-1405 size-thumbnail\" src=\"https:\/\/www.vereinigte-kalkwerke.de\/wp-content\/uploads\/2018\/01\/IMG_0467-150x150.jpg\" alt=\"\" width=\"150\" height=\"150\" \/><\/a> <a href=\"https:\/\/www.vereinigte-kalkwerke.de\/wp-content\/uploads\/2018\/01\/IMG_0470.jpg\"><img loading=\"lazy\" class=\"alignleft wp-image-1408 size-thumbnail\" src=\"https:\/\/www.vereinigte-kalkwerke.de\/wp-content\/uploads\/2018\/01\/IMG_0470-150x150.jpg\" alt=\"\" width=\"150\" height=\"150\" \/><\/a> <a href=\"https:\/\/www.vereinigte-kalkwerke.de\/wp-content\/uploads\/2018\/01\/IMG_0471.jpg\"><img loading=\"lazy\" class=\"alignleft wp-image-1409 size-thumbnail\" src=\"https:\/\/www.vereinigte-kalkwerke.de\/wp-content\/uploads\/2018\/01\/IMG_0471-150x150.jpg\" alt=\"\" width=\"150\" height=\"150\" \/><\/a> <a href=\"https:\/\/www.vereinigte-kalkwerke.de\/wp-content\/uploads\/2018\/01\/IMG_0472.jpg\"><img loading=\"lazy\" class=\"alignleft wp-image-1410 size-thumbnail\" src=\"https:\/\/www.vereinigte-kalkwerke.de\/wp-content\/uploads\/2018\/01\/IMG_0472-150x150.jpg\" alt=\"\" width=\"150\" height=\"150\" \/><\/a> <a href=\"https:\/\/www.vereinigte-kalkwerke.de\/wp-content\/uploads\/2018\/01\/IMG_0473.jpg\"><img loading=\"lazy\" class=\"alignleft wp-image-1411 size-thumbnail\" src=\"https:\/\/www.vereinigte-kalkwerke.de\/wp-content\/uploads\/2018\/01\/IMG_0473-150x150.jpg\" alt=\"\" width=\"150\" height=\"150\" \/><\/a> <a href=\"https:\/\/www.vereinigte-kalkwerke.de\/wp-content\/uploads\/2018\/01\/IMG_0474.jpg\"><img loading=\"lazy\" class=\"alignleft wp-image-1412 size-thumbnail\" src=\"https:\/\/www.vereinigte-kalkwerke.de\/wp-content\/uploads\/2018\/01\/IMG_0474-150x150.jpg\" alt=\"\" width=\"150\" height=\"150\" \/><\/a> <a href=\"https:\/\/www.vereinigte-kalkwerke.de\/wp-content\/uploads\/2018\/01\/IMG_0480.jpg\"><br \/>\n<\/a><a href=\"https:\/\/www.vereinigte-kalkwerke.de\/wp-content\/uploads\/2018\/01\/IMG_0480.jpg\"><img loading=\"lazy\" class=\"alignleft wp-image-1418 size-thumbnail\" src=\"https:\/\/www.vereinigte-kalkwerke.de\/wp-content\/uploads\/2018\/01\/IMG_0480-150x150.jpg\" alt=\"\" width=\"150\" height=\"150\" \/><\/a><\/p>\n","protected":false},"excerpt":{"rendered":"<p>Unter dem Motto &#8220; Karneval wie Fr\u00fcher&#8220; pr\u00e4sentierten die Pauerl\u00e4nder zusammen mit den Vereinigten Kalkwerken am 27.012018 in der Sch\u00fctzenhalle der B\u00fcrgersch\u00fctzen ein vierst\u00fcndiges Karnevalsprogramm. Moderator Jo Hafner f\u00fchrte gekonnt durch ein buntes Programm mit Auftritten des Blasorchesters der B\u00fcrgersch\u00fctzen. der KLAKAG-Tanzgarden und die gro\u00dfe und kleine Tanzgruppe des Sch\u00fctzenvereins Uentrop. Einer der H\u00f6hepunkte des &hellip; <a class=\"read-excerpt\" href=\"https:\/\/www.vereinigte-kalkwerke.de\/?page_id=1401\">Weiterlesen <span class=\"meta-nav\">&raquo;<\/span><\/a><\/p>\n","protected":false},"author":2,"featured_media":0,"parent":877,"menu_order":5,"comment_status":"open","ping_status":"open","template":"","meta":[],"_links":{"self":[{"href":"https:\/\/www.vereinigte-kalkwerke.de\/index.php?rest_route=\/wp\/v2\/pages\/1401"}],"collection":[{"href":"https:\/\/www.vereinigte-kalkwerke.de\/index.php?rest_route=\/wp\/v2\/pages"}],"about":[{"href":"https:\/\/www.vereinigte-kalkwerke.de\/index.php?rest_route=\/wp\/v2\/types\/page"}],"author":[{"embeddable":true,"href":"https:\/\/www.vereinigte-kalkwerke.de\/index.php?rest_route=\/wp\/v2\/users\/2"}],"replies":[{"embeddable":true,"href":"https:\/\/www.vereinigte-kalkwerke.de\/index.php?rest_route=%2Fwp%2Fv2%2Fcomments&post=1401"}],"version-history":[{"count":4,"href":"https:\/\/www.vereinigte-kalkwerke.de\/index.php?rest_route=\/wp\/v2\/pages\/1401\/revisions"}],"predecessor-version":[{"id":2155,"href":"https:\/\/www.vereinigte-kalkwerke.de\/index.php?rest_route=\/wp\/v2\/pages\/1401\/revisions\/2155"}],"up":[{"embeddable":true,"href":"https:\/\/www.vereinigte-kalkwerke.de\/index.php?rest_route=\/wp\/v2\/pages\/877"}],"wp:attachment":[{"href":"https:\/\/www.vereinigte-kalkwerke.de\/index.php?rest_route=%2Fwp%2Fv2%2Fmedia&parent=1401"}],"curies":[{"name":"wp","href":"https:\/\/api.w.org\/{rel}","templated":true}]}}

VKW und Pauerländer organisieren &#8222;Karneval wie früher&#8220; zu Gunsten der Hospiz-Stiftung

<p>Unter dem Motto &#8220; Karneval wie Früher&#8220; präsentierten die Pauerländer zusammen mit den Vereinigten Kalkwerken am 27.012018 in der Schützenhalle der Bürgerschützen ein vierstündiges Karnevalsprogramm. Moderator Jo Hafner führte gekonnt durch ein buntes Programm mit Auftritten des Blasorchesters der Bürgerschützen. der KLAKAG-Tanzgarden und die große und kleine Tanzgruppe des Schützenvereins Uentrop. Einer der Höhepunkte des Abends waren sicherlich die Auftritte der Probstei-Karnevalsfrauen. Der Gesamterlös der gelungenen Veranstaltung kommt der Hospiz-Stiftung Arnsberg-Sundern zugute.</p>
<p>Hier der Bericht aus der lokalen Presse:</p>
<p><a href="https://www.vereinigte-kalkwerke.de/wp-content/uploads/2018/01/Karneval-VKW-Bericht.pdf">Karneval VKW Bericht</a></p>
<p>Hier Bilder vom Abend:</p>
<p><a href="https://www.vereinigte-kalkwerke.de/wp-content/uploads/2018/01/IMG_0466.jpg"><img loading="lazy" class="alignleft wp-image-1404 size-thumbnail" src="https://www.vereinigte-kalkwerke.de/wp-content/uploads/2018/01/IMG_0466-150x150.jpg" alt="" width="150" height="150" /></a> <a href="https://www.vereinigte-kalkwerke.de/wp-content/uploads/2018/01/IMG_0461.jpg"><img loading="lazy" class="alignleft wp-image-1403 size-thumbnail" src="https://www.vereinigte-kalkwerke.de/wp-content/uploads/2018/01/IMG_0461-150x150.jpg" alt="" width="150" height="150" /></a> <a href="https://www.vereinigte-kalkwerke.de/wp-content/uploads/2018/01/IMG_0467.jpg"><img loading="lazy" class="alignleft wp-image-1405 size-thumbnail" src="https://www.vereinigte-kalkwerke.de/wp-content/uploads/2018/01/IMG_0467-150x150.jpg" alt="" width="150" height="150" /></a> <a href="https://www.vereinigte-kalkwerke.de/wp-content/uploads/2018/01/IMG_0470.jpg"><img loading="lazy" class="alignleft wp-image-1408 size-thumbnail" src="https://www.vereinigte-kalkwerke.de/wp-content/uploads/2018/01/IMG_0470-150x150.jpg" alt="" width="150" height="150" /></a> <a href="https://www.vereinigte-kalkwerke.de/wp-content/uploads/2018/01/IMG_0471.jpg"><img loading="lazy" class="alignleft wp-image-1409 size-thumbnail" src="https://www.vereinigte-kalkwerke.de/wp-content/uploads/2018/01/IMG_0471-150x150.jpg" alt="" width="150" height="150" /></a> <a href="https://www.vereinigte-kalkwerke.de/wp-content/uploads/2018/01/IMG_0472.jpg"><img loading="lazy" class="alignleft wp-image-1410 size-thumbnail" src="https://www.vereinigte-kalkwerke.de/wp-content/uploads/2018/01/IMG_0472-150x150.jpg" alt="" width="150" height="150" /></a> <a href="https://www.vereinigte-kalkwerke.de/wp-content/uploads/2018/01/IMG_0473.jpg"><img loading="lazy" class="alignleft wp-image-1411 size-thumbnail" src="https://www.vereinigte-kalkwerke.de/wp-content/uploads/2018/01/IMG_0473-150x150.jpg" alt="" width="150" height="150" /></a> <a href="https://www.vereinigte-kalkwerke.de/wp-content/uploads/2018/01/IMG_0474.jpg"><img loading="lazy" class="alignleft wp-image-1412 size-thumbnail" src="https://www.vereinigte-kalkwerke.de/wp-content/uploads/2018/01/IMG_0474-150x150.jpg" alt="" width="150" height="150" /></a> <a href="https://www.vereinigte-kalkwerke.de/wp-content/uploads/2018/01/IMG_0480.jpg"><br />
</a><a href="https://www.vereinigte-kalkwerke.de/wp-content/uploads/2018/01/IMG_0480.jpg"><img loading="lazy" class="alignleft wp-image-1418 size-thumbnail" src="https://www.vereinigte-kalkwerke.de/wp-content/uploads/2018/01/IMG_0480-150x150.jpg" alt="" width="150" height="150" /></a></p>

<p>Unter dem Motto &#8220; Karneval wie Früher&#8220; präsentierten die Pauerländer zusammen mit den Vereinigten Kalkwerken am 27.012018 in der Schützenhalle der Bürgerschützen ein vierstündiges Karnevalsprogramm. Moderator Jo Hafner führte gekonnt durch ein buntes Programm mit Auftritten des Blasorchesters der Bürgerschützen. der KLAKAG-Tanzgarden und die große und kleine Tanzgruppe des Schützenvereins Uentrop. Einer der Höhepunkte des &hellip; <a class="read-excerpt" href="https://www.vereinigte-kalkwerke.de/?page_id=1401">Weiterlesen <span class="meta-nav">&raquo;</span></a></p>
