{"id":1877,"date":"2020-11-07T13:29:29","date_gmt":"2020-11-07T11:29:29","guid":{"rendered":"https:\/\/www.vereinigte-kalkwerke.de\/?page_id=1877"},"modified":"2020-11-11T16:58:43","modified_gmt":"2020-11-11T14:58:43","slug":"neujahrsempfang-2020","status":"publish","type":"page","link":"https:\/\/www.vereinigte-kalkwerke.de\/?page_id=1877","title":{"rendered":"Neujahrsempfang 2020"},"content":{"rendered":"\n<h2><a href=\"https:\/\/www.vereinigte-kalkwerke.de\/?p=1752\">VKW Neujahrsempfang am 17.1.2020<\/a><\/h2>\n\n\n\n<p>Geschrieben am <a href=\"https:\/\/www.vereinigte-kalkwerke.de\/?p=1752\">16. Januar 2020<\/a> von <a href=\"https:\/\/www.vereinigte-kalkwerke.de\/?author=2\">Heinz Schulte-Hobein<\/a><\/p>\n\n\n\n<p>Der traditionelle VKW-Neujahrsempfang fand in diesem Jahr am <strong>Freitag, den 17.01.2020<\/strong> statt.<\/p>\n\n\n\n<p>Die VKW`ler traffen sich mit Ihren Damen um 19:00 Uhr im Hotel Menge an der Schlacht. <\/p>\n\n\n\n<p><em>Es war wieder ein gelungender Abend mit einem tollen f\u00fcnf Gang Men\u00fc und netten Gespr\u00e4chen.<\/em><\/p>\n\n\n\n<p>Eine kleine Auswahl von Bildern <em>zum Abend findet ihr hier:<\/em><\/p>\n\n\n\n<figure class=\"wp-block-image size-large is-resized\"><a href=\"https:\/\/www.vereinigte-kalkwerke.de\/wp-content\/uploads\/2020\/01\/P1060164.jpg\"><img loading=\"lazy\" src=\"https:\/\/www.vereinigte-kalkwerke.de\/wp-content\/uploads\/2020\/01\/P1060164-1024x768.jpg\" alt=\"\" class=\"wp-image-1762\" width=\"580\" height=\"435\" srcset=\"https:\/\/www.vereinigte-kalkwerke.de\/wp-content\/uploads\/2020\/01\/P1060164.jpg 1024w, https:\/\/www.vereinigte-kalkwerke.de\/wp-content\/uploads\/2020\/01\/P1060164-300x225.jpg 300w, https:\/\/www.vereinigte-kalkwerke.de\/wp-content\/uploads\/2020\/01\/P1060164-768x576.jpg 768w\" sizes=\"(max-width: 580px) 100vw, 580px\" \/><\/a><figcaption>Das traditionelle Gruppenbild auf der Eingangstreppe zum Hotel\/Restaurant Menge an der Schlacht<\/figcaption><\/figure>\n\n\n\n<figure class=\"wp-block-image is-resized is-style-rounded\"><a href=\"https:\/\/www.vereinigte-kalkwerke.de\/wp-content\/uploads\/2020\/01\/P1060140-1024x768.jpg\"><img loading=\"lazy\" src=\"https:\/\/www.vereinigte-kalkwerke.de\/wp-content\/uploads\/2020\/01\/P1060140-1024x768.jpg\" alt=\"\" class=\"wp-image-1774\" width=\"512\" height=\"384\" srcset=\"https:\/\/www.vereinigte-kalkwerke.de\/wp-content\/uploads\/2020\/01\/P1060140.jpg 1024w, https:\/\/www.vereinigte-kalkwerke.de\/wp-content\/uploads\/2020\/01\/P1060140-300x225.jpg 300w, https:\/\/www.vereinigte-kalkwerke.de\/wp-content\/uploads\/2020\/01\/P1060140-768x576.jpg 768w\" sizes=\"(max-width: 512px) 100vw, 512px\" \/><\/a><\/figure>\n\n\n\n<figure class=\"wp-block-gallery columns-4 is-cropped\"><ul class=\"blocks-gallery-grid\"><li class=\"blocks-gallery-item\"><figure><img loading=\"lazy\" width=\"1024\" height=\"768\" src=\"https:\/\/www.vereinigte-kalkwerke.de\/wp-content\/uploads\/2020\/01\/P1060145-1024x768.jpg\" alt=\"\" data-id=\"1780\" data-full-url=\"https:\/\/www.vereinigte-kalkwerke.de\/wp-content\/uploads\/2020\/01\/P1060145.jpg\" data-link=\"https:\/\/www.vereinigte-kalkwerke.de\/?attachment_id=1780\" class=\"wp-image-1780\" srcset=\"https:\/\/www.vereinigte-kalkwerke.de\/wp-content\/uploads\/2020\/01\/P1060145.jpg 1024w, https:\/\/www.vereinigte-kalkwerke.de\/wp-content\/uploads\/2020\/01\/P1060145-300x225.jpg 300w, https:\/\/www.vereinigte-kalkwerke.de\/wp-content\/uploads\/2020\/01\/P1060145-768x576.jpg 768w\" sizes=\"(max-width: 1024px) 100vw, 1024px\" \/><\/figure><\/li><li class=\"blocks-gallery-item\"><figure><img loading=\"lazy\" width=\"1024\" height=\"768\" src=\"https:\/\/www.vereinigte-kalkwerke.de\/wp-content\/uploads\/2020\/01\/P1060142w-1024x768.jpg\" alt=\"\" data-id=\"1777\" data-full-url=\"https:\/\/www.vereinigte-kalkwerke.de\/wp-content\/uploads\/2020\/01\/P1060142w.jpg\" data-link=\"https:\/\/www.vereinigte-kalkwerke.de\/?attachment_id=1777\" class=\"wp-image-1777\" srcset=\"https:\/\/www.vereinigte-kalkwerke.de\/wp-content\/uploads\/2020\/01\/P1060142w.jpg 1024w, https:\/\/www.vereinigte-kalkwerke.de\/wp-content\/uploads\/2020\/01\/P1060142w-300x225.jpg 300w, https:\/\/www.vereinigte-kalkwerke.de\/wp-content\/uploads\/2020\/01\/P1060142w-768x576.jpg 768w\" sizes=\"(max-width: 1024px) 100vw, 1024px\" \/><\/figure><\/li><li class=\"blocks-gallery-item\"><figure><img loading=\"lazy\" width=\"1024\" height=\"768\" src=\"https:\/\/www.vereinigte-kalkwerke.de\/wp-content\/uploads\/2020\/01\/P1060140-1024x768.jpg\" alt=\"\" data-id=\"1774\" data-full-url=\"https:\/\/www.vereinigte-kalkwerke.de\/wp-content\/uploads\/2020\/01\/P1060140.jpg\" data-link=\"https:\/\/www.vereinigte-kalkwerke.de\/?attachment_id=1774\" class=\"wp-image-1774\" srcset=\"https:\/\/www.vereinigte-kalkwerke.de\/wp-content\/uploads\/2020\/01\/P1060140.jpg 1024w, https:\/\/www.vereinigte-kalkwerke.de\/wp-content\/uploads\/2020\/01\/P1060140-300x225.jpg 300w, https:\/\/www.vereinigte-kalkwerke.de\/wp-content\/uploads\/2020\/01\/P1060140-768x576.jpg 768w\" sizes=\"(max-width: 1024px) 100vw, 1024px\" \/><\/figure><\/li><li class=\"blocks-gallery-item\"><figure><img loading=\"lazy\" width=\"1024\" height=\"768\" src=\"https:\/\/www.vereinigte-kalkwerke.de\/wp-content\/uploads\/2020\/01\/P1060151-1024x768.jpg\" alt=\"\" data-id=\"1786\" data-full-url=\"https:\/\/www.vereinigte-kalkwerke.de\/wp-content\/uploads\/2020\/01\/P1060151.jpg\" data-link=\"https:\/\/www.vereinigte-kalkwerke.de\/?attachment_id=1786\" class=\"wp-image-1786\" srcset=\"https:\/\/www.vereinigte-kalkwerke.de\/wp-content\/uploads\/2020\/01\/P1060151.jpg 1024w, https:\/\/www.vereinigte-kalkwerke.de\/wp-content\/uploads\/2020\/01\/P1060151-300x225.jpg 300w, https:\/\/www.vereinigte-kalkwerke.de\/wp-content\/uploads\/2020\/01\/P1060151-768x576.jpg 768w\" sizes=\"(max-width: 1024px) 100vw, 1024px\" \/><\/figure><\/li><\/ul><\/figure>\n\n\n\n<p>Die allermeisten Fotos wurden wieder von unserem \u201eHaus und Hof\u201c Fotografen Diether Kurte geschossen.<\/p>\n","protected":false},"excerpt":{"rendered":"<p>VKW Neujahrsempfang am 17.1.2020 Geschrieben am 16. Januar 2020 von Heinz Schulte-Hobein Der traditionelle VKW-Neujahrsempfang fand in diesem Jahr am Freitag, den 17.01.2020 statt. Die VKW`ler traffen sich mit Ihren Damen um 19:00 Uhr im Hotel Menge an der Schlacht. Es war wieder ein gelungender Abend mit einem tollen f\u00fcnf Gang Men\u00fc und netten Gespr\u00e4chen. &hellip; <a class=\"read-excerpt\" href=\"https:\/\/www.vereinigte-kalkwerke.de\/?page_id=1877\">Weiterlesen <span class=\"meta-nav\">&raquo;<\/span><\/a><\/p>\n","protected":false},"author":2,"featured_media":0,"parent":848,"menu_order":1,"comment_status":"closed","ping_status":"closed","template":"","meta":[],"_links":{"self":[{"href":"https:\/\/www.vereinigte-kalkwerke.de\/index.php?rest_route=\/wp\/v2\/pages\/1877"}],"collection":[{"href":"https:\/\/www.vereinigte-kalkwerke.de\/index.php?rest_route=\/wp\/v2\/pages"}],"about":[{"href":"https:\/\/www.vereinigte-kalkwerke.de\/index.php?rest_route=\/wp\/v2\/types\/page"}],"author":[{"embeddable":true,"href":"https:\/\/www.vereinigte-kalkwerke.de\/index.php?rest_route=\/wp\/v2\/users\/2"}],"replies":[{"embeddable":true,"href":"https:\/\/www.vereinigte-kalkwerke.de\/index.php?rest_route=%2Fwp%2Fv2%2Fcomments&post=1877"}],"version-history":[{"count":6,"href":"https:\/\/www.vereinigte-kalkwerke.de\/index.php?rest_route=\/wp\/v2\/pages\/1877\/revisions"}],"predecessor-version":[{"id":2006,"href":"https:\/\/www.vereinigte-kalkwerke.de\/index.php?rest_route=\/wp\/v2\/pages\/1877\/revisions\/2006"}],"up":[{"embeddable":true,"href":"https:\/\/www.vereinigte-kalkwerke.de\/index.php?rest_route=\/wp\/v2\/pages\/848"}],"wp:attachment":[{"href":"https:\/\/www.vereinigte-kalkwerke.de\/index.php?rest_route=%2Fwp%2Fv2%2Fmedia&parent=1877"}],"curies":[{"name":"wp","href":"https:\/\/api.w.org\/{rel}","templated":true}]}}