{"id":382,"date":"2014-12-17T15:36:57","date_gmt":"2014-12-17T13:36:57","guid":{"rendered":"http:\/\/www.vereinigte-kalkwerke.de\/?page_id=382"},"modified":"2020-11-11T17:38:03","modified_gmt":"2020-11-11T15:38:03","slug":"wildessen-im-ratskeller-am-03-12-2014","status":"publish","type":"page","link":"https:\/\/www.vereinigte-kalkwerke.de\/?page_id=382","title":{"rendered":"Wildessen im Ratskeller am 03.12.2014"},"content":{"rendered":"<p>Auf Einladung von <strong>Fritz B\u00f6mer<\/strong> fand am 03.12.2014 das traditionelle Wildessen im Stammtischlokal statt. In gem\u00fctlicher Atmosph\u00e4re wurde Reh serviert. Alle Stammtischfreunde waren von den kulinarischen K\u00f6stlichkeiten begeistert.<\/p>\n<p>Hier einige Bilder von diesem gelungenden Abend:<\/p>\n<p><a href=\"https:\/\/www.vereinigte-kalkwerke.de\/wp-content\/uploads\/2014\/12\/IMG_1196.jpg\"><img loading=\"lazy\" class=\" wp-image-385 alignnone\" src=\"https:\/\/www.vereinigte-kalkwerke.de\/wp-content\/uploads\/2014\/12\/IMG_1196-300x225.jpg\" alt=\"IMG_1196\" width=\"180\" height=\"135\" srcset=\"https:\/\/www.vereinigte-kalkwerke.de\/wp-content\/uploads\/2014\/12\/IMG_1196-300x225.jpg 300w, https:\/\/www.vereinigte-kalkwerke.de\/wp-content\/uploads\/2014\/12\/IMG_1196-1024x768.jpg 1024w\" sizes=\"(max-width: 180px) 100vw, 180px\" \/><\/a> <a href=\"https:\/\/www.vereinigte-kalkwerke.de\/wp-content\/uploads\/2014\/12\/IMG_1198.jpg\"><img loading=\"lazy\" class=\" wp-image-387 alignnone\" src=\"https:\/\/www.vereinigte-kalkwerke.de\/wp-content\/uploads\/2014\/12\/IMG_1198-300x225.jpg\" alt=\"IMG_1198\" width=\"180\" height=\"135\" srcset=\"https:\/\/www.vereinigte-kalkwerke.de\/wp-content\/uploads\/2014\/12\/IMG_1198-300x225.jpg 300w, https:\/\/www.vereinigte-kalkwerke.de\/wp-content\/uploads\/2014\/12\/IMG_1198-1024x768.jpg 1024w\" sizes=\"(max-width: 180px) 100vw, 180px\" \/><\/a> <a href=\"https:\/\/www.vereinigte-kalkwerke.de\/wp-content\/uploads\/2014\/12\/IMG_1199.jpg\"><img loading=\"lazy\" class=\" wp-image-388 alignnone\" src=\"https:\/\/www.vereinigte-kalkwerke.de\/wp-content\/uploads\/2014\/12\/IMG_1199-300x225.jpg\" alt=\"IMG_1199\" width=\"180\" height=\"135\" srcset=\"https:\/\/www.vereinigte-kalkwerke.de\/wp-content\/uploads\/2014\/12\/IMG_1199-300x225.jpg 300w, https:\/\/www.vereinigte-kalkwerke.de\/wp-content\/uploads\/2014\/12\/IMG_1199-1024x768.jpg 1024w\" sizes=\"(max-width: 180px) 100vw, 180px\" \/><\/a> <a href=\"https:\/\/www.vereinigte-kalkwerke.de\/wp-content\/uploads\/2014\/12\/IMG_1200.jpg\"><img loading=\"lazy\" class=\" wp-image-389 alignnone\" src=\"https:\/\/www.vereinigte-kalkwerke.de\/wp-content\/uploads\/2014\/12\/IMG_1200-300x225.jpg\" alt=\"IMG_1200\" width=\"180\" height=\"135\" srcset=\"https:\/\/www.vereinigte-kalkwerke.de\/wp-content\/uploads\/2014\/12\/IMG_1200-300x225.jpg 300w, https:\/\/www.vereinigte-kalkwerke.de\/wp-content\/uploads\/2014\/12\/IMG_1200-1024x768.jpg 1024w\" sizes=\"(max-width: 180px) 100vw, 180px\" \/><\/a> <a href=\"https:\/\/www.vereinigte-kalkwerke.de\/wp-content\/uploads\/2014\/12\/IMG_1201.jpg\"><img loading=\"lazy\" class=\" wp-image-390 alignnone\" src=\"https:\/\/www.vereinigte-kalkwerke.de\/wp-content\/uploads\/2014\/12\/IMG_1201-300x225.jpg\" alt=\"IMG_1201\" width=\"180\" height=\"135\" srcset=\"https:\/\/www.vereinigte-kalkwerke.de\/wp-content\/uploads\/2014\/12\/IMG_1201-300x225.jpg 300w, https:\/\/www.vereinigte-kalkwerke.de\/wp-content\/uploads\/2014\/12\/IMG_1201-1024x768.jpg 1024w\" sizes=\"(max-width: 180px) 100vw, 180px\" \/><\/a> <a href=\"https:\/\/www.vereinigte-kalkwerke.de\/wp-content\/uploads\/2014\/12\/IMG_1202.jpg\"><img loading=\"lazy\" class=\" wp-image-391 alignnone\" src=\"https:\/\/www.vereinigte-kalkwerke.de\/wp-content\/uploads\/2014\/12\/IMG_1202-300x225.jpg\" alt=\"IMG_1202\" width=\"180\" height=\"135\" srcset=\"https:\/\/www.vereinigte-kalkwerke.de\/wp-content\/uploads\/2014\/12\/IMG_1202-300x225.jpg 300w, https:\/\/www.vereinigte-kalkwerke.de\/wp-content\/uploads\/2014\/12\/IMG_1202-1024x768.jpg 1024w\" sizes=\"(max-width: 180px) 100vw, 180px\" \/><\/a> <a href=\"https:\/\/www.vereinigte-kalkwerke.de\/wp-content\/uploads\/2014\/12\/IMG_1203.jpg\"><img loading=\"lazy\" class=\" wp-image-392 alignnone\" src=\"https:\/\/www.vereinigte-kalkwerke.de\/wp-content\/uploads\/2014\/12\/IMG_1203-300x225.jpg\" alt=\"IMG_1203\" width=\"180\" height=\"135\" srcset=\"https:\/\/www.vereinigte-kalkwerke.de\/wp-content\/uploads\/2014\/12\/IMG_1203-300x225.jpg 300w, https:\/\/www.vereinigte-kalkwerke.de\/wp-content\/uploads\/2014\/12\/IMG_1203-1024x768.jpg 1024w\" sizes=\"(max-width: 180px) 100vw, 180px\" \/><\/a> <a href=\"https:\/\/www.vereinigte-kalkwerke.de\/wp-content\/uploads\/2014\/12\/IMG_1204.jpg\"><img loading=\"lazy\" class=\" wp-image-393 alignnone\" src=\"https:\/\/www.vereinigte-kalkwerke.de\/wp-content\/uploads\/2014\/12\/IMG_1204-300x225.jpg\" alt=\"IMG_1204\" width=\"180\" height=\"135\" srcset=\"https:\/\/www.vereinigte-kalkwerke.de\/wp-content\/uploads\/2014\/12\/IMG_1204-300x225.jpg 300w, https:\/\/www.vereinigte-kalkwerke.de\/wp-content\/uploads\/2014\/12\/IMG_1204-1024x768.jpg 1024w\" sizes=\"(max-width: 180px) 100vw, 180px\" \/><\/a> <a href=\"https:\/\/www.vereinigte-kalkwerke.de\/wp-content\/uploads\/2014\/12\/IMG_1205.jpg\"><img loading=\"lazy\" class=\" wp-image-394 alignnone\" src=\"https:\/\/www.vereinigte-kalkwerke.de\/wp-content\/uploads\/2014\/12\/IMG_1205-300x225.jpg\" alt=\"IMG_1205\" width=\"180\" height=\"135\" srcset=\"https:\/\/www.vereinigte-kalkwerke.de\/wp-content\/uploads\/2014\/12\/IMG_1205-300x225.jpg 300w, https:\/\/www.vereinigte-kalkwerke.de\/wp-content\/uploads\/2014\/12\/IMG_1205-1024x768.jpg 1024w\" sizes=\"(max-width: 180px) 100vw, 180px\" \/><\/a> <a href=\"https:\/\/www.vereinigte-kalkwerke.de\/wp-content\/uploads\/2014\/12\/IMG_1206.jpg\"><img loading=\"lazy\" class=\" wp-image-395 alignnone\" src=\"https:\/\/www.vereinigte-kalkwerke.de\/wp-content\/uploads\/2014\/12\/IMG_1206-300x225.jpg\" alt=\"IMG_1206\" width=\"180\" height=\"135\" srcset=\"https:\/\/www.vereinigte-kalkwerke.de\/wp-content\/uploads\/2014\/12\/IMG_1206-300x225.jpg 300w, https:\/\/www.vereinigte-kalkwerke.de\/wp-content\/uploads\/2014\/12\/IMG_1206-1024x768.jpg 1024w\" sizes=\"(max-width: 180px) 100vw, 180px\" \/><\/a> <a href=\"https:\/\/www.vereinigte-kalkwerke.de\/wp-content\/uploads\/2014\/12\/IMG_1207.jpg\"><img loading=\"lazy\" class=\" wp-image-396 alignnone\" src=\"https:\/\/www.vereinigte-kalkwerke.de\/wp-content\/uploads\/2014\/12\/IMG_1207-300x225.jpg\" alt=\"IMG_1207\" width=\"180\" height=\"135\" srcset=\"https:\/\/www.vereinigte-kalkwerke.de\/wp-content\/uploads\/2014\/12\/IMG_1207-300x225.jpg 300w, https:\/\/www.vereinigte-kalkwerke.de\/wp-content\/uploads\/2014\/12\/IMG_1207-1024x768.jpg 1024w\" sizes=\"(max-width: 180px) 100vw, 180px\" \/><\/a> <a href=\"https:\/\/www.vereinigte-kalkwerke.de\/wp-content\/uploads\/2014\/12\/IMG_1208.jpg\"><img loading=\"lazy\" class=\"alignleft wp-image-397\" src=\"https:\/\/www.vereinigte-kalkwerke.de\/wp-content\/uploads\/2014\/12\/IMG_1208-300x225.jpg\" alt=\"IMG_1208\" width=\"180\" height=\"135\" srcset=\"https:\/\/www.vereinigte-kalkwerke.de\/wp-content\/uploads\/2014\/12\/IMG_1208-300x225.jpg 300w, https:\/\/www.vereinigte-kalkwerke.de\/wp-content\/uploads\/2014\/12\/IMG_1208-1024x768.jpg 1024w\" sizes=\"(max-width: 180px) 100vw, 180px\" \/><\/a><\/p>\n","protected":false},"excerpt":{"rendered":"<p>Auf Einladung von Fritz B\u00f6mer fand am 03.12.2014 das traditionelle Wildessen im Stammtischlokal statt. In gem\u00fctlicher Atmosph\u00e4re wurde Reh serviert. Alle Stammtischfreunde waren von den kulinarischen K\u00f6stlichkeiten begeistert. Hier einige Bilder von diesem gelungenden Abend:<\/p>\n","protected":false},"author":2,"featured_media":0,"parent":852,"menu_order":2,"comment_status":"open","ping_status":"open","template":"","meta":[],"_links":{"self":[{"href":"https:\/\/www.vereinigte-kalkwerke.de\/index.php?rest_route=\/wp\/v2\/pages\/382"}],"collection":[{"href":"https:\/\/www.vereinigte-kalkwerke.de\/index.php?rest_route=\/wp\/v2\/pages"}],"about":[{"href":"https:\/\/www.vereinigte-kalkwerke.de\/index.php?rest_route=\/wp\/v2\/types\/page"}],"author":[{"embeddable":true,"href":"https:\/\/www.vereinigte-kalkwerke.de\/index.php?rest_route=\/wp\/v2\/users\/2"}],"replies":[{"embeddable":true,"href":"https:\/\/www.vereinigte-kalkwerke.de\/index.php?rest_route=%2Fwp%2Fv2%2Fcomments&post=382"}],"version-history":[{"count":5,"href":"https:\/\/www.vereinigte-kalkwerke.de\/index.php?rest_route=\/wp\/v2\/pages\/382\/revisions"}],"predecessor-version":[{"id":2026,"href":"https:\/\/www.vereinigte-kalkwerke.de\/index.php?rest_route=\/wp\/v2\/pages\/382\/revisions\/2026"}],"up":[{"embeddable":true,"href":"https:\/\/www.vereinigte-kalkwerke.de\/index.php?rest_route=\/wp\/v2\/pages\/852"}],"wp:attachment":[{"href":"https:\/\/www.vereinigte-kalkwerke.de\/index.php?rest_route=%2Fwp%2Fv2%2Fmedia&parent=382"}],"curies":[{"name":"wp","href":"https:\/\/api.w.org\/{rel}","templated":true}]}}