{"id":513,"date":"2015-03-25T13:49:20","date_gmt":"2015-03-25T11:49:20","guid":{"rendered":"http:\/\/www.vereinigte-kalkwerke.de\/?p=513"},"modified":"2020-11-12T19:51:43","modified_gmt":"2020-11-12T17:51:43","slug":"zwei-neue-stammtischfreunde-bei-den-vkw","status":"publish","type":"page","link":"https:\/\/www.vereinigte-kalkwerke.de\/?page_id=513","title":{"rendered":"Zwei neue Stammtischfreunde bei den VKW"},"content":{"rendered":"<p>Die VKW`ler freuen sich \u00fcber 2 neue Stammtischfreunde. Nach 3 &#8222;Testteilnahmen&#8220; am Mittwochsstammtisch wurde am 11. M\u00e4rz 2015 Heinfried Lichte und am 18. M\u00e4rz Werner B\u00fchner herzlich beim Stammtisch begr\u00fc\u00dft.<\/p>\n<p><a href=\"https:\/\/www.vereinigte-kalkwerke.de\/wp-content\/uploads\/2015\/03\/20150311_195714.jpg\"><img loading=\"lazy\" class=\"alignleft size-thumbnail wp-image-514\" src=\"https:\/\/www.vereinigte-kalkwerke.de\/wp-content\/uploads\/2015\/03\/20150311_195714-150x150.jpg\" alt=\"20150311_195714\" width=\"150\" height=\"150\"><\/a>Dr.Wilhelm Geldmacher begr\u00fc\u00dft Heinrich Lichte.<\/p>\n<p>&nbsp;<\/p>\n<p>&nbsp;<\/p>\n<p>&nbsp;<\/p>\n<p>&nbsp;<\/p>\n<p><a href=\"https:\/\/www.vereinigte-kalkwerke.de\/wp-content\/uploads\/2015\/03\/20150318_191234.jpg\"><img loading=\"lazy\" class=\"alignleft size-thumbnail wp-image-515\" src=\"https:\/\/www.vereinigte-kalkwerke.de\/wp-content\/uploads\/2015\/03\/20150318_191234-150x150.jpg\" alt=\"20150318_191234\" width=\"150\" height=\"150\"><\/a>Peter Havestadt nimmt Werner B\u00fchner auf.<\/p>\n<p>&nbsp;<\/p>\n<p>&nbsp;<\/p>\n<p>&nbsp;<\/p>\n<p>&nbsp;<\/p>\n<p>Durch die beiden Neuaufnahmen konnte der Altersdurchschnitt wieder einmal deutlich verj\u00fcngt werden.<\/p>\n<p>&nbsp;<\/p>\n","protected":false},"excerpt":{"rendered":"<p>Die VKW`ler freuen sich \u00fcber 2 neue Stammtischfreunde. Nach 3 &#8222;Testteilnahmen&#8220; am Mittwochsstammtisch wurde am 11. M\u00e4rz 2015 Heinfried Lichte und am 18. M\u00e4rz Werner B\u00fchner herzlich beim Stammtisch begr\u00fc\u00dft. Dr.Wilhelm Geldmacher begr\u00fc\u00dft Heinrich Lichte. &nbsp; &nbsp; &nbsp; &nbsp; Peter Havestadt nimmt Werner B\u00fchner auf. &nbsp; &nbsp; &nbsp; &nbsp; Durch die beiden Neuaufnahmen konnte der &hellip; <a class=\"read-excerpt\" href=\"https:\/\/www.vereinigte-kalkwerke.de\/?page_id=513\">Weiterlesen <span class=\"meta-nav\">&raquo;<\/span><\/a><\/p>\n","protected":false},"author":2,"featured_media":0,"parent":2111,"menu_order":1,"comment_status":"open","ping_status":"open","template":"","meta":[],"_links":{"self":[{"href":"https:\/\/www.vereinigte-kalkwerke.de\/index.php?rest_route=\/wp\/v2\/pages\/513"}],"collection":[{"href":"https:\/\/www.vereinigte-kalkwerke.de\/index.php?rest_route=\/wp\/v2\/pages"}],"about":[{"href":"https:\/\/www.vereinigte-kalkwerke.de\/index.php?rest_route=\/wp\/v2\/types\/page"}],"author":[{"embeddable":true,"href":"https:\/\/www.vereinigte-kalkwerke.de\/index.php?rest_route=\/wp\/v2\/users\/2"}],"replies":[{"embeddable":true,"href":"https:\/\/www.vereinigte-kalkwerke.de\/index.php?rest_route=%2Fwp%2Fv2%2Fcomments&post=513"}],"version-history":[{"count":3,"href":"https:\/\/www.vereinigte-kalkwerke.de\/index.php?rest_route=\/wp\/v2\/pages\/513\/revisions"}],"predecessor-version":[{"id":2051,"href":"https:\/\/www.vereinigte-kalkwerke.de\/index.php?rest_route=\/wp\/v2\/pages\/513\/revisions\/2051"}],"up":[{"embeddable":true,"href":"https:\/\/www.vereinigte-kalkwerke.de\/index.php?rest_route=\/wp\/v2\/pages\/2111"}],"wp:attachment":[{"href":"https:\/\/www.vereinigte-kalkwerke.de\/index.php?rest_route=%2Fwp%2Fv2%2Fmedia&parent=513"}],"curies":[{"name":"wp","href":"https:\/\/api.w.org\/{rel}","templated":true}]}}