{"id":651,"date":"2016-02-11T15:22:05","date_gmt":"2016-02-11T13:22:05","guid":{"rendered":"http:\/\/www.vereinigte-kalkwerke.de\/?p=651"},"modified":"2020-11-12T19:12:31","modified_gmt":"2020-11-12T17:12:31","slug":"651-2","status":"publish","type":"page","link":"https:\/\/www.vereinigte-kalkwerke.de\/?page_id=651","title":{"rendered":"Rollmopsessen im Cheers 2016"},"content":{"rendered":"\n<p class=\"has-text-align-left\">Am Aschermittwoch trafen sich die Stammtischfreunde der VKW zum Rollmopsessen in der Arnsberger Gastst\u00e4tte \u201eCheers\u201c am Alten Markt. Alles war durch die freundliche Wirtin Bianca bestens vorbereitet.<\/p>\n\n\n\n<div class=\"wp-block-image is-style-default\"><figure class=\"alignleft\"><a href=\"https:\/\/www.vereinigte-kalkwerke.de\/wp-content\/uploads\/2016\/02\/Cheers1.jpg\" rel=\"attachment wp-att-652\"><img loading=\"lazy\" width=\"300\" height=\"200\" src=\"https:\/\/www.vereinigte-kalkwerke.de\/wp-content\/uploads\/2016\/02\/Cheers1-300x200.jpg\" alt=\"Cheers1\" class=\"wp-image-652\" srcset=\"https:\/\/www.vereinigte-kalkwerke.de\/wp-content\/uploads\/2016\/02\/Cheers1-300x200.jpg 300w, https:\/\/www.vereinigte-kalkwerke.de\/wp-content\/uploads\/2016\/02\/Cheers1.jpg 472w\" sizes=\"(max-width: 300px) 100vw, 300px\" \/><\/a><\/figure><\/div>\n\n\n\n<p>So gab es neben den obligatorischen Rollm\u00f6psen auch noch Bratheringe und leckere Schmalzb\u00fctterchen. Stammtischfreund Hermann F\u00f6rster berichtete, dass das Cheers sein Geburtshaus war, in dem schon seit dem 17. Jahrhundert und bis 1938 eine Apotheke der Familie F\u00f6rster untergebracht war. Dieses interessante Detail sorgte nat\u00fcrlich f\u00fcr viel Gespr\u00e4chsstoff und so verlebten die Stammtischfreunde wieder einmal einen sehr gem\u00fctlichen, sch\u00f6nen Abend.<\/p>\n\n\n\n<p><\/p>\n\n\n\n<p><\/p>\n\n\n\n<p><\/p>\n\n\n\n<p><\/p>\n\n\n\n<p><\/p>\n\n\n\n<p><\/p>\n\n\n\n<p><\/p>\n\n\n\n<div class=\"wp-block-image is-style-rounded\"><figure class=\"alignleft\"><a href=\"https:\/\/www.vereinigte-kalkwerke.de\/wp-content\/uploads\/2016\/02\/Cheers2.jpg\" rel=\"attachment wp-att-653\"><img loading=\"lazy\" width=\"285\" height=\"300\" src=\"https:\/\/www.vereinigte-kalkwerke.de\/wp-content\/uploads\/2016\/02\/Cheers2-285x300.jpg\" alt=\"Cheers2\" class=\"wp-image-653\" srcset=\"https:\/\/www.vereinigte-kalkwerke.de\/wp-content\/uploads\/2016\/02\/Cheers2-285x300.jpg 285w, https:\/\/www.vereinigte-kalkwerke.de\/wp-content\/uploads\/2016\/02\/Cheers2.jpg 684w\" sizes=\"(max-width: 285px) 100vw, 285px\" \/><\/a><\/figure><\/div>\n\n\n\n<p><\/p>\n\n\n\n<p><\/p>\n\n\n\n<p><\/p>\n\n\n\n<p><\/p>\n\n\n\n<p><\/p>\n\n\n\n<p><\/p>\n\n\n\n<p><\/p>\n\n\n\n<p><\/p>\n\n\n\n<p><\/p>\n\n\n\n<p>Hier noch einige Handybilder, die leider aber nicht besonders scharf sind:<\/p>\n\n\n\n<p><\/p>\n\n\n\n<p><\/p>\n\n\n\n<div class=\"wp-block-image is-style-default\"><figure class=\"alignleft is-resized\"><a href=\"https:\/\/www.vereinigte-kalkwerke.de\/wp-content\/uploads\/2016\/02\/Bild1.jpg\" rel=\"attachment wp-att-654\"><img loading=\"lazy\" src=\"https:\/\/www.vereinigte-kalkwerke.de\/wp-content\/uploads\/2016\/02\/Bild1-150x150.jpg\" alt=\"\" class=\"wp-image-654\" width=\"150\" height=\"150\"\/><\/a><\/figure><\/div>\n\n\n\n<p><\/p>\n\n\n\n<p><\/p>\n\n\n\n<p><\/p>\n\n\n\n<p><\/p>\n\n\n\n<p>Die Rollm\u00f6pse<\/p>\n\n\n\n<figure class=\"wp-block-image is-style-default\"><a href=\"https:\/\/www.vereinigte-kalkwerke.de\/wp-content\/uploads\/2016\/02\/Bild2.jpg\" rel=\"attachment wp-att-655\"><img loading=\"lazy\" width=\"150\" height=\"150\" src=\"https:\/\/www.vereinigte-kalkwerke.de\/wp-content\/uploads\/2016\/02\/Bild2-150x150.jpg\" alt=\"\" class=\"wp-image-655\"\/><\/a><\/figure>\n\n\n\n<div class=\"wp-block-image is-style-default\"><figure class=\"alignleft\"><a href=\"https:\/\/www.vereinigte-kalkwerke.de\/wp-content\/uploads\/2016\/02\/Bild4.jpg\" rel=\"attachment wp-att-656\"><img loading=\"lazy\" width=\"300\" height=\"169\" src=\"https:\/\/www.vereinigte-kalkwerke.de\/wp-content\/uploads\/2016\/02\/Bild4-300x169.jpg\" alt=\"\" class=\"wp-image-656\" srcset=\"https:\/\/www.vereinigte-kalkwerke.de\/wp-content\/uploads\/2016\/02\/Bild4-300x169.jpg 300w, https:\/\/www.vereinigte-kalkwerke.de\/wp-content\/uploads\/2016\/02\/Bild4-768x432.jpg 768w, https:\/\/www.vereinigte-kalkwerke.de\/wp-content\/uploads\/2016\/02\/Bild4-1024x576.jpg 1024w\" sizes=\"(max-width: 300px) 100vw, 300px\" \/><\/a><figcaption>es schmeckt!!!<\/figcaption><\/figure><\/div>\n\n\n\n<div class=\"wp-block-image is-style-default\"><figure class=\"alignleft\"><a href=\"https:\/\/www.vereinigte-kalkwerke.de\/wp-content\/uploads\/2016\/02\/Bild5.jpg\" rel=\"attachment wp-att-657\"><img loading=\"lazy\" width=\"300\" height=\"169\" src=\"https:\/\/www.vereinigte-kalkwerke.de\/wp-content\/uploads\/2016\/02\/Bild5-300x169.jpg\" alt=\"\" class=\"wp-image-657\" srcset=\"https:\/\/www.vereinigte-kalkwerke.de\/wp-content\/uploads\/2016\/02\/Bild5-300x169.jpg 300w, https:\/\/www.vereinigte-kalkwerke.de\/wp-content\/uploads\/2016\/02\/Bild5-768x432.jpg 768w, https:\/\/www.vereinigte-kalkwerke.de\/wp-content\/uploads\/2016\/02\/Bild5-1024x576.jpg 1024w\" sizes=\"(max-width: 300px) 100vw, 300px\" \/><\/a><\/figure><\/div>\n\n\n\n<div class=\"wp-block-image is-style-default\"><figure class=\"alignleft\"><a href=\"https:\/\/www.vereinigte-kalkwerke.de\/wp-content\/uploads\/2016\/02\/Bild6.jpg\" rel=\"attachment wp-att-658\"><img loading=\"lazy\" width=\"300\" height=\"169\" src=\"https:\/\/www.vereinigte-kalkwerke.de\/wp-content\/uploads\/2016\/02\/Bild6-300x169.jpg\" alt=\"\" class=\"wp-image-658\" srcset=\"https:\/\/www.vereinigte-kalkwerke.de\/wp-content\/uploads\/2016\/02\/Bild6-300x169.jpg 300w, https:\/\/www.vereinigte-kalkwerke.de\/wp-content\/uploads\/2016\/02\/Bild6-768x432.jpg 768w, https:\/\/www.vereinigte-kalkwerke.de\/wp-content\/uploads\/2016\/02\/Bild6-1024x576.jpg 1024w\" sizes=\"(max-width: 300px) 100vw, 300px\" \/><\/a><\/figure><\/div>\n","protected":false},"excerpt":{"rendered":"<p>Am Aschermittwoch trafen sich die Stammtischfreunde der VKW zum Rollmopsessen in der Arnsberger Gastst\u00e4tte \u201eCheers\u201c am Alten Markt. Alles war durch die freundliche Wirtin Bianca bestens vorbereitet. So gab es neben den obligatorischen Rollm\u00f6psen auch noch Bratheringe und leckere Schmalzb\u00fctterchen. Stammtischfreund Hermann F\u00f6rster berichtete, dass das Cheers sein Geburtshaus war, in dem schon seit dem &hellip; <a class=\"read-excerpt\" href=\"https:\/\/www.vereinigte-kalkwerke.de\/?page_id=651\">Weiterlesen <span class=\"meta-nav\">&raquo;<\/span><\/a><\/p>\n","protected":false},"author":2,"featured_media":0,"parent":2078,"menu_order":1,"comment_status":"open","ping_status":"open","template":"","meta":[],"_links":{"self":[{"href":"https:\/\/www.vereinigte-kalkwerke.de\/index.php?rest_route=\/wp\/v2\/pages\/651"}],"collection":[{"href":"https:\/\/www.vereinigte-kalkwerke.de\/index.php?rest_route=\/wp\/v2\/pages"}],"about":[{"href":"https:\/\/www.vereinigte-kalkwerke.de\/index.php?rest_route=\/wp\/v2\/types\/page"}],"author":[{"embeddable":true,"href":"https:\/\/www.vereinigte-kalkwerke.de\/index.php?rest_route=\/wp\/v2\/users\/2"}],"replies":[{"embeddable":true,"href":"https:\/\/www.vereinigte-kalkwerke.de\/index.php?rest_route=%2Fwp%2Fv2%2Fcomments&post=651"}],"version-history":[{"count":16,"href":"https:\/\/www.vereinigte-kalkwerke.de\/index.php?rest_route=\/wp\/v2\/pages\/651\/revisions"}],"predecessor-version":[{"id":2090,"href":"https:\/\/www.vereinigte-kalkwerke.de\/index.php?rest_route=\/wp\/v2\/pages\/651\/revisions\/2090"}],"up":[{"embeddable":true,"href":"https:\/\/www.vereinigte-kalkwerke.de\/index.php?rest_route=\/wp\/v2\/pages\/2078"}],"wp:attachment":[{"href":"https:\/\/www.vereinigte-kalkwerke.de\/index.php?rest_route=%2Fwp%2Fv2%2Fmedia&parent=651"}],"curies":[{"name":"wp","href":"https:\/\/api.w.org\/{rel}","templated":true}]}}