{"id":811,"date":"2017-01-26T17:33:46","date_gmt":"2017-01-26T15:33:46","guid":{"rendered":"http:\/\/www.vereinigte-kalkwerke.de\/?p=811"},"modified":"2020-11-12T19:52:59","modified_gmt":"2020-11-12T17:52:59","slug":"emil-kaemper-erhaelt-vkw-anstecknadel-mit-goldkranz","status":"publish","type":"page","link":"https:\/\/www.vereinigte-kalkwerke.de\/?page_id=811","title":{"rendered":"Dr. Emil K\u00e4mper erh\u00e4lt VKW Anstecknadel mit Goldkranz"},"content":{"rendered":"<p><a href=\"https:\/\/www.vereinigte-kalkwerke.de\/wp-content\/uploads\/2017\/01\/Anstecknadel-Kranz.jpg\"><img loading=\"lazy\" class=\"alignleft wp-image-814 \" src=\"https:\/\/www.vereinigte-kalkwerke.de\/wp-content\/uploads\/2017\/01\/Anstecknadel-Kranz-150x150.jpg\" alt=\"anstecknadel-kranz\" width=\"108\" height=\"108\"><\/a>Am Stammtisch am 25.01.2017 wurde unserem Stammtischfreund Dr. Emil K\u00e4mper die Anstecknadel der Vereinigte Kalkwerke mit Goldkranz vom Speaker Dr. Wilhelm Geldmacher verliehen. Diese Auszeichnung erhalten Mitglieder, die&nbsp; mindesten 25 Jahre am Stammtisch vertreten sind und sich besondere Verdienste am Tisch erworben haben. Dies trifft auf Emil K\u00e4mper im besonderen Ma\u00dfe zu. Vor ihm wurde diese Auszeichnung bereits an Dr. Fritz B\u00f6mer und Hermann F\u00f6rster verliehen.<\/p>\n<p><a href=\"https:\/\/www.vereinigte-kalkwerke.de\/wp-content\/uploads\/2017\/01\/Emil-Anstecknadel_Kranz.jpg\"><img loading=\"lazy\" class=\"alignleft size-thumbnail wp-image-812\" src=\"https:\/\/www.vereinigte-kalkwerke.de\/wp-content\/uploads\/2017\/01\/Emil-Anstecknadel_Kranz-150x150.jpg\" alt=\"emil-anstecknadel_kranz\" width=\"150\" height=\"150\"><\/a><em>Dr. Wilhelm Geldmacher<\/em><br \/>\n<em> verleiht Emil K\u00e4mper die<\/em><br \/>\n<em> Anstecknadel<\/em><\/p>\n","protected":false},"excerpt":{"rendered":"<p>Am Stammtisch am 25.01.2017 wurde unserem Stammtischfreund Dr. Emil K\u00e4mper die Anstecknadel der Vereinigte Kalkwerke mit Goldkranz vom Speaker Dr. Wilhelm Geldmacher verliehen. Diese Auszeichnung erhalten Mitglieder, die&nbsp; mindesten 25 Jahre am Stammtisch vertreten sind und sich besondere Verdienste am Tisch erworben haben. Dies trifft auf Emil K\u00e4mper im besonderen Ma\u00dfe zu. Vor ihm wurde &hellip; <a class=\"read-excerpt\" href=\"https:\/\/www.vereinigte-kalkwerke.de\/?page_id=811\">Weiterlesen <span class=\"meta-nav\">&raquo;<\/span><\/a><\/p>\n","protected":false},"author":2,"featured_media":0,"parent":2107,"menu_order":1,"comment_status":"open","ping_status":"open","template":"","meta":[],"_links":{"self":[{"href":"https:\/\/www.vereinigte-kalkwerke.de\/index.php?rest_route=\/wp\/v2\/pages\/811"}],"collection":[{"href":"https:\/\/www.vereinigte-kalkwerke.de\/index.php?rest_route=\/wp\/v2\/pages"}],"about":[{"href":"https:\/\/www.vereinigte-kalkwerke.de\/index.php?rest_route=\/wp\/v2\/types\/page"}],"author":[{"embeddable":true,"href":"https:\/\/www.vereinigte-kalkwerke.de\/index.php?rest_route=\/wp\/v2\/users\/2"}],"replies":[{"embeddable":true,"href":"https:\/\/www.vereinigte-kalkwerke.de\/index.php?rest_route=%2Fwp%2Fv2%2Fcomments&post=811"}],"version-history":[{"count":6,"href":"https:\/\/www.vereinigte-kalkwerke.de\/index.php?rest_route=\/wp\/v2\/pages\/811\/revisions"}],"predecessor-version":[{"id":2113,"href":"https:\/\/www.vereinigte-kalkwerke.de\/index.php?rest_route=\/wp\/v2\/pages\/811\/revisions\/2113"}],"up":[{"embeddable":true,"href":"https:\/\/www.vereinigte-kalkwerke.de\/index.php?rest_route=\/wp\/v2\/pages\/2107"}],"wp:attachment":[{"href":"https:\/\/www.vereinigte-kalkwerke.de\/index.php?rest_route=%2Fwp%2Fv2%2Fmedia&parent=811"}],"curies":[{"name":"wp","href":"https:\/\/api.w.org\/{rel}","templated":true}]}}

Dr. Emil Kämper erhält VKW Anstecknadel mit Goldkranz

<p><a href="https://www.vereinigte-kalkwerke.de/wp-content/uploads/2017/01/Anstecknadel-Kranz.jpg"><img loading="lazy" class="alignleft wp-image-814 " src="https://www.vereinigte-kalkwerke.de/wp-content/uploads/2017/01/Anstecknadel-Kranz-150x150.jpg" alt="anstecknadel-kranz" width="108" height="108"></a>Am Stammtisch am 25.01.2017 wurde unserem Stammtischfreund Dr. Emil Kämper die Anstecknadel der Vereinigte Kalkwerke mit Goldkranz vom Speaker Dr. Wilhelm Geldmacher verliehen. Diese Auszeichnung erhalten Mitglieder, die&nbsp; mindesten 25 Jahre am Stammtisch vertreten sind und sich besondere Verdienste am Tisch erworben haben. Dies trifft auf Emil Kämper im besonderen Maße zu. Vor ihm wurde diese Auszeichnung bereits an Dr. Fritz Bömer und Hermann Förster verliehen.</p>
<p><a href="https://www.vereinigte-kalkwerke.de/wp-content/uploads/2017/01/Emil-Anstecknadel_Kranz.jpg"><img loading="lazy" class="alignleft size-thumbnail wp-image-812" src="https://www.vereinigte-kalkwerke.de/wp-content/uploads/2017/01/Emil-Anstecknadel_Kranz-150x150.jpg" alt="emil-anstecknadel_kranz" width="150" height="150"></a><em>Dr. Wilhelm Geldmacher</em><br />
<em> verleiht Emil Kämper die</em><br />
<em> Anstecknadel</em></p>

<p>Am Stammtisch am 25.01.2017 wurde unserem Stammtischfreund Dr. Emil Kämper die Anstecknadel der Vereinigte Kalkwerke mit Goldkranz vom Speaker Dr. Wilhelm Geldmacher verliehen. Diese Auszeichnung erhalten Mitglieder, die&nbsp; mindesten 25 Jahre am Stammtisch vertreten sind und sich besondere Verdienste am Tisch erworben haben. Dies trifft auf Emil Kämper im besonderen Maße zu. Vor ihm wurde &hellip; <a class="read-excerpt" href="https://www.vereinigte-kalkwerke.de/?page_id=811">Weiterlesen <span class="meta-nav">&raquo;</span></a></p>
