{"id":839,"date":"2013-11-20T16:33:55","date_gmt":"2013-11-20T14:33:55","guid":{"rendered":"http:\/\/www.vereinigte-kalkwerke.de\/?page_id=839"},"modified":"2020-11-12T19:53:43","modified_gmt":"2020-11-12T17:53:43","slug":"wildschweinessen-zum-geburtstag-von-fritz-boemer","status":"publish","type":"page","link":"https:\/\/www.vereinigte-kalkwerke.de\/?page_id=839","title":{"rendered":"Wildschweinessen zum Geburtstag von Fritz B\u00f6mer 2013"},"content":{"rendered":"<p>Zum Geburtstag von Stammtischfreund Fritz B\u00f6mer trafen sich die VKW`ler am 20.11. 2013 im Stammtischlokal zum j\u00e4hrlichen traditionellen Wildschweinessen. Wildschwein, Nachtisch und Getr\u00e4nke waren \u201csuperlecker\u201d.<\/p>\n<p>Bilder k\u00f6nnen zur Zeit nicht geladen werden<\/p>\n","protected":false},"excerpt":{"rendered":"<p>Zum Geburtstag von Stammtischfreund Fritz B\u00f6mer trafen sich die VKW`ler am 20.11. 2013 im Stammtischlokal zum j\u00e4hrlichen traditionellen Wildschweinessen. Wildschwein, Nachtisch und Getr\u00e4nke waren \u201csuperlecker\u201d. Bilder k\u00f6nnen zur Zeit nicht geladen werden<\/p>\n","protected":false},"author":2,"featured_media":0,"parent":852,"menu_order":1,"comment_status":"closed","ping_status":"closed","template":"","meta":[],"_links":{"self":[{"href":"https:\/\/www.vereinigte-kalkwerke.de\/index.php?rest_route=\/wp\/v2\/pages\/839"}],"collection":[{"href":"https:\/\/www.vereinigte-kalkwerke.de\/index.php?rest_route=\/wp\/v2\/pages"}],"about":[{"href":"https:\/\/www.vereinigte-kalkwerke.de\/index.php?rest_route=\/wp\/v2\/types\/page"}],"author":[{"embeddable":true,"href":"https:\/\/www.vereinigte-kalkwerke.de\/index.php?rest_route=\/wp\/v2\/users\/2"}],"replies":[{"embeddable":true,"href":"https:\/\/www.vereinigte-kalkwerke.de\/index.php?rest_route=%2Fwp%2Fv2%2Fcomments&post=839"}],"version-history":[{"count":5,"href":"https:\/\/www.vereinigte-kalkwerke.de\/index.php?rest_route=\/wp\/v2\/pages\/839\/revisions"}],"predecessor-version":[{"id":2114,"href":"https:\/\/www.vereinigte-kalkwerke.de\/index.php?rest_route=\/wp\/v2\/pages\/839\/revisions\/2114"}],"up":[{"embeddable":true,"href":"https:\/\/www.vereinigte-kalkwerke.de\/index.php?rest_route=\/wp\/v2\/pages\/852"}],"wp:attachment":[{"href":"https:\/\/www.vereinigte-kalkwerke.de\/index.php?rest_route=%2Fwp%2Fv2%2Fmedia&parent=839"}],"curies":[{"name":"wp","href":"https:\/\/api.w.org\/{rel}","templated":true}]}}

Wildschweinessen zum Geburtstag von Fritz Bömer 2013

<p>Zum Geburtstag von Stammtischfreund Fritz Bömer trafen sich die VKW`ler am 20.11. 2013 im Stammtischlokal zum jährlichen traditionellen Wildschweinessen. Wildschwein, Nachtisch und Getränke waren “superlecker”.</p>
<p>Bilder können zur Zeit nicht geladen werden</p>

<p>Zum Geburtstag von Stammtischfreund Fritz Bömer trafen sich die VKW`ler am 20.11. 2013 im Stammtischlokal zum jährlichen traditionellen Wildschweinessen. Wildschwein, Nachtisch und Getränke waren “superlecker”. Bilder können zur Zeit nicht geladen werden</p>
