{"id":9,"date":"2013-05-21T21:24:21","date_gmt":"2013-05-21T19:24:21","guid":{"rendered":"http:\/\/www.vereinigte-kalkwerke.de\/?page_id=9"},"modified":"2017-01-31T16:11:49","modified_gmt":"2017-01-31T14:11:49","slug":"ausfluge","status":"publish","type":"page","link":"https:\/\/www.vereinigte-kalkwerke.de\/?page_id=9","title":{"rendered":"Ausfl\u00fcge"},"content":{"rendered":"<p>Zu den Aktivit\u00e4ten der Stammtischrunde geh\u00f6rten seit Jahrzehnten auch immer wieder <strong>Reisen <\/strong>innerhalb Deutschlands und ins angrenzende Ausland.<\/p>\n<p>In guter Erinnerung sind z.B. vielen von uns noch die durch Diether und Franz-Hermann (Rudolphi) bestens organisierten Fahrten an die Mosel (mit Besuch bei einem Winzerfreund von Diether), an den Rhein (u.a. Kloster Eberbach), an die Ahr (Rotweinsteig) oder auch ins Frankenland nach Randersacker vom 19.4-21.4.1996 mit 28 Personen mit Abstechern nach W\u00fcrzburg und vor allem nach Sulzfeld am Main in den \u201eStern\u201c mit der romantischen Weinlaube und der leckeren Meterbratwurst (fragt mal Wilhelm). Nach einer Tour vom 10.8.-12.8.2007 nach Belgien mit den Zielen Br\u00fcssel, Br\u00fcgge, Zandvoort und Antwerpen f\u00fchrte uns unsere Reise im Herbst 2009 \u00fcber das Gartenreich W\u00f6rlitzer Park bei Dessau f\u00fcr 2 Tage nach Leipzig. Wir besichtigten Geb\u00e4ude und Denkm\u00e4ler, h\u00f6rten ein Konzert im Gewandhaus, besuchten ein Kabarett, waren in der Nikolaikirche und lie\u00dfen es uns geselliger Runde im Caf\u00e9 oder Gasthaus gut gehen. Auf der R\u00fcckreise machten wir noch einen Halt in Halle an der Saale, um etwas \u00fcber die Himmelsscheibe von \u201eNebra\u201c zu erfahren.<\/p>\n<table width=\"100%\">\n<tbody>\n<tr>\n<td><\/td>\n<\/tr>\n<\/tbody>\n<\/table>\n<p>Im August 2010 (27.08.-29.08.2010) starteten wir nach Norddeutschland. Der erste H\u00f6hepunkt war der Besuch der Meyer-Werft in Papenburg. Hier lie\u00dfen wir uns sehr von der Entstehung der riesigen Kreuzfahrtschiffe beeindrucken. In Bremen besichtigten wir den Dom, das alte Rathaus mit den Stadtmusikanten. Gegessen wurde im altehrw\u00fcrdigen Ratskeller, zu dem auch der ber\u00fchmte Weinkeller \u2013 angeblich lagern hier nur deutsche Weine \u2013 geh\u00f6rt. In Bremerhaven \u2013 hier fand gerade die Windjammerwoche mit um die 150 Segelschiffen, -booten, -yachten statt \u2013 hat uns insbesondere auch das hochinteressante Klimahaus sehr gefallen. Am Schluss des Tages hatten wir einen sehr vergn\u00fcglichen Abend mit Tapas und viel Wein in einer spanischen Bodega in Bremen an der Weser. Die Fahrt zur\u00fcck ins Sauerland f\u00fchrte uns \u00fcber Oldenburg i.O. mit Besichtigung der architektonisch bemerkenswerten protestantischen Lambertikirche und dem Klassizismusviertel sowie einem Halt am D\u00fcmmersee.<\/p>\n<p>Zu diesen Reisen wurden wir immer sehr ausf\u00fchrlich \u00fcber Land und Leute, Gesellschaft, Politik, Wirtschaft, Geografie etc. von unserem Stammtischfreund Johannes Stemmer informiert.<\/p>\n<p>Die bis dato letzte gemeinsame Reise f\u00fchrte uns im September 2012 (28.09. \u2014 30.09.) ins Elsass mit seinen wundersch\u00f6nen Sehensw\u00fcrdigkeiten und vielen lukullischen M\u00f6glichkeiten. Eine charmante F\u00fchrerin verschaffte uns einen Eindruck von der ber\u00fchmten Stadt Stra\u00dfburg. Bei herrlichem Wetter ging es dann am Samstag \u00fcber die Els\u00e4ssische Weinstra\u00dfe durch Orte wie Riquewihr, Ribeauville etc. nach Colmar. Hier wird auf gedr\u00e4ngtem Raum sehr viel Historie und Kultur (z. B. Isenheimer Altar) geboten. Auch am Vormittag hat uns der Wein mit einem St\u00fcck K\u00e4se oder Wurst bereits gemundet. Der Halt in Riquewihr mit dem Besuch eines Winzerkellers mit Weinverkostung bleibt wohl auch unvergessen. Nach dieser ausgiebigen Weinspende aufgrund einer gro\u00dfz\u00fcgigen Spende von Ivar wurde anschlie\u00dfend im Freien auf dem Busparkplatz sogar getanzt<\/p>\n<p>Bevor wir am Sonntag die R\u00fcckreise antraten, unternahmen wir noch eine Flusstour \u00fcber die Ill durch Stra\u00dfburg.<\/p>\n<table width=\"100%\">\n<tbody>\n<tr>\n<td><\/td>\n<\/tr>\n<\/tbody>\n<\/table>\n<p>Ausflug mit Damen nach Stra\u00dfbourg vom 28.09.-30.09.2012<\/p>\n<p><a title=\"Fotos\" href=\"https:\/\/plus.google.com\/photos\/116239929325943855679\/albums\/5884974481243760321?authkey=CIHB6MK22eqdfA\">Fotos Stra\u00dfbourg 28.09.-30.09.2012<\/a><\/p>\n<p>&nbsp;<\/p>\n<p>Sicher werden auch weiterhin interessante, gesellige Fahrten von uns und zuk\u00fcnftigen Mitgliedern des Stammtisches zum Leben der VKW geh\u00f6ren.<\/p>\n<p><strong>Besichtigungen<\/strong><\/p>\n<p>Juli 2007: Besichtigung der Spanplattenfabrik unseres Stammtischbruder Hubertus Fl\u00f6totto in Gotha.<\/p>\n<table width=\"100%\">\n<tbody>\n<tr>\n<td><\/td>\n<\/tr>\n<\/tbody>\n<\/table>\n<p>29.10.2014 Die Vereinigten Kalkwerke wurden von der Veltins KG zu einer Brauereibesichtigung eingeladen. Die Stammtischfreunde fuhren vom Neumarkt mit dem Bus nach Grevenstein. Die F\u00fchrung durch Brauerei durch Herrn Bauer war sehr informativ. Im Anschluss an die Besichtigung findet noch ein gem\u00fctliches Zusammensein statt<\/p>\n<p>&nbsp;<\/p>\n<p>&nbsp;<\/p>\n<p>&nbsp;<\/p>\n<p>&nbsp;<\/p>\n","protected":false},"excerpt":{"rendered":"<p>Zu den Aktivit\u00e4ten der Stammtischrunde geh\u00f6rten seit Jahrzehnten auch immer wieder Reisen innerhalb Deutschlands und ins angrenzende Ausland. In guter Erinnerung sind z.B. vielen von uns noch die durch Diether und Franz-Hermann (Rudolphi) bestens organisierten Fahrten an die Mosel (mit Besuch bei einem Winzerfreund von Diether), an den Rhein (u.a. Kloster Eberbach), an die Ahr &hellip; <a class=\"read-excerpt\" href=\"https:\/\/www.vereinigte-kalkwerke.de\/?page_id=9\">Weiterlesen <span class=\"meta-nav\">&raquo;<\/span><\/a><\/p>\n","protected":false},"author":2,"featured_media":0,"parent":0,"menu_order":4,"comment_status":"closed","ping_status":"closed","template":"","meta":[],"_links":{"self":[{"href":"https:\/\/www.vereinigte-kalkwerke.de\/index.php?rest_route=\/wp\/v2\/pages\/9"}],"collection":[{"href":"https:\/\/www.vereinigte-kalkwerke.de\/index.php?rest_route=\/wp\/v2\/pages"}],"about":[{"href":"https:\/\/www.vereinigte-kalkwerke.de\/index.php?rest_route=\/wp\/v2\/types\/page"}],"author":[{"embeddable":true,"href":"https:\/\/www.vereinigte-kalkwerke.de\/index.php?rest_route=\/wp\/v2\/users\/2"}],"replies":[{"embeddable":true,"href":"https:\/\/www.vereinigte-kalkwerke.de\/index.php?rest_route=%2Fwp%2Fv2%2Fcomments&post=9"}],"version-history":[{"count":11,"href":"https:\/\/www.vereinigte-kalkwerke.de\/index.php?rest_route=\/wp\/v2\/pages\/9\/revisions"}],"predecessor-version":[{"id":875,"href":"https:\/\/www.vereinigte-kalkwerke.de\/index.php?rest_route=\/wp\/v2\/pages\/9\/revisions\/875"}],"wp:attachment":[{"href":"https:\/\/www.vereinigte-kalkwerke.de\/index.php?rest_route=%2Fwp%2Fv2%2Fmedia&parent=9"}],"curies":[{"name":"wp","href":"https:\/\/api.w.org\/{rel}","templated":true}]}}