{"id":921,"date":"2017-01-31T17:18:48","date_gmt":"2017-01-31T15:18:48","guid":{"rendered":"http:\/\/www.vereinigte-kalkwerke.de\/?page_id=921"},"modified":"2017-02-01T16:08:23","modified_gmt":"2017-02-01T14:08:23","slug":"der-pillkaller","status":"publish","type":"page","link":"https:\/\/www.vereinigte-kalkwerke.de\/?page_id=921","title":{"rendered":"Der Pillkaller"},"content":{"rendered":"<p>Der Pillkaller ist ein klarer Kornschnaps mit einer Scheibe Leberwurst und Senf. Herr G\u00fcnter Maranke hat den<a href=\"https:\/\/www.vereinigte-kalkwerke.de\/wp-content\/uploads\/2014\/12\/Pikalla.jpg\"><img loading=\"lazy\" class=\"alignright size-thumbnail wp-image-494\" src=\"https:\/\/www.vereinigte-kalkwerke.de\/wp-content\/uploads\/2014\/12\/Pikalla-150x150.jpg\" alt=\"Pikalla\" width=\"150\" height=\"150\" \/><\/a><br \/>\nPillkaller am Stammtisch eingef\u00fchrt. Er stammte aus Berlin und sein Vater war F\u00f6rster im Grunewald und er hat<br \/>\nihn immer aufgelassen. Wenn ein Schnaps \u00fcbrig blieb, hat er diesen auch konsumiert.<\/p>\n<p>\u00dcber den Pillkaller gibt es den Vers: <em> Es s\u00e4uft das Pferd, es trinkt der Mensch, in Pillkallen ist es umgekehrt\u201c.<\/em><\/p>\n<table style=\"height: 15px;\" width=\"791\">\n<tbody>\n<tr>\n<td><\/td>\n<\/tr>\n<\/tbody>\n<\/table>\n<table width=\"100%\">\n<tbody>\n<tr>\n<td><\/td>\n<\/tr>\n<\/tbody>\n<\/table>\n<p>Der Kreis Pillkallen (1938\u20131945 Schlo\u00dfberg) war ein Landkreis in <a href=\"https:\/\/de.wikipedia.org\/wiki\/Ostpreu%C3%9Fen\">Ostpreu\u00dfen<\/a> und bestand als preu\u00dfisch-deutscher Landkreis in der Zeit von 1818 bis 1945.<\/p>\n<p><strong>\u201eDie Zeremonie des Verzehrs eines \u201ePillkaller<\/strong>\u201c <strong>(Auflassung)<\/strong>:<a href=\"https:\/\/www.vereinigte-kalkwerke.de\/wp-content\/uploads\/2014\/12\/Pillkaller-Tablett.jpg\"><img loading=\"lazy\" class=\"alignright size-thumbnail wp-image-502\" src=\"https:\/\/www.vereinigte-kalkwerke.de\/wp-content\/uploads\/2014\/12\/Pillkaller-Tablett-150x150.jpg\" alt=\"Pillkaller Tablett\" width=\"150\" height=\"150\" \/><\/a><\/p>\n<p><em>Vor uns steht ein Pilkaller, mal ansehen und mal riechen <strong>\u201eAaah&#8211;.<\/strong> Nochmal ansehen und nochmal riechen \u201eOoooh\u201c.<\/em><\/p>\n<table style=\"height: 5px;\" width=\"604\">\n<tbody>\n<tr>\n<td><em>\u00a0<\/em><\/td>\n<\/tr>\n<\/tbody>\n<\/table>\n<p><em>Nach Aufforderung sich zum Getr\u00e4nk zu beugen und es anzuschauen, folgt ein langgezogenes <strong>\u201eAaah&#8211;.<\/strong><\/em><\/p>\n<p><em>Die zweite Aufforderung: \u201eNach vorn beugen und daran riechen\u201c dann wiederholen: \u201enochmal ansehen und nochmal riechen\u201c usw. dient der Qualit\u00e4tssicherung. Die Best\u00e4tigung ist ein noch l\u00e4ngeres \u201eOoooh\u201c.<\/em><\/p>\n<table width=\"100%\">\n<tbody>\n<tr>\n<td><em>\u00a0<\/em><\/td>\n<\/tr>\n<\/tbody>\n<\/table>\n<p><em>Dann die Empfehlung: \u201eOben anfassen, einschieben, kauen und gut durchspeicheln\u201c.<a href=\"https:\/\/www.vereinigte-kalkwerke.de\/wp-content\/uploads\/2014\/12\/20141112_181252.jpg\"><img loading=\"lazy\" class=\"alignright size-thumbnail wp-image-483\" src=\"https:\/\/www.vereinigte-kalkwerke.de\/wp-content\/uploads\/2014\/12\/20141112_181252-150x150.jpg\" alt=\"20141112_181252\" width=\"150\" height=\"150\" \/><\/a><\/em><\/p>\n<p><em>Danach: Unten anfassen, zum Munde f\u00fchren und langsam dar\u00fcber gleiten lassen\u201c.<\/em><\/p>\n<p><em>Warten! Die seltene Kombination von Leberwurst, Kornschnaps und Senf genie\u00dfen!<\/em><\/p>\n<p><em><strong>Schlucken!!!<\/strong><\/em><\/p>\n<p>Die Runde der Stammtischbr\u00fcder beendet die Zeremonie mit einem <u>lauten<\/u> <strong><em>\u201ePillkaller kaputt\u201c<\/em><\/strong> und setzt das Glas deutlich h\u00f6rbar auf den Tisch.<\/p>\n<p>Theo Wienhuis hat diese Verse zum Pillkaller eher zuf\u00e4llig gefunden<\/p>\n<p><em>Der \u201ePillkaller\u201c<\/em><\/p>\n<p><em>Es gl\u00e4nzt in lichter Schale so hell der Doppelkorn, \u00a0der reine, ideale, wahrhaftige Lebensborn. Dar\u00fcber liegt die Scheibe der guten Leberwurst, es lacht das Herz im Leibe, zur Andacht wird der Durst!<\/em><\/p>\n<p><em>Und obenauf ein H\u00e4ufchen vom gelben Mostrichgold \u2013 oh seliger Bes\u00e4nftigter, wie lockst du doch so lieb und hold. Der Mann, der dich erdachte, \u201ePillkaller\u201c, das ist wahr, der wusste was er machte. \u201eAmbrosia und Nektar\u201c!<\/em><\/p>\n<p><em>Nun Freunde, auf die Zunge die Wurst legt mit Bedacht, den Korn mit k\u00fchnem Schwunge gie\u00dft \u00fcber-nicht zu sacht. Nun Prosit! Greift zum Glase, sto\u00dft an und werdet hart, begie\u00dft Euch Eure Nase nach echt Pillkaller Art !!<\/em><\/p>\n","protected":false},"excerpt":{"rendered":"<p>Der Pillkaller ist ein klarer Kornschnaps mit einer Scheibe Leberwurst und Senf. Herr G\u00fcnter Maranke hat den Pillkaller am Stammtisch eingef\u00fchrt. Er stammte aus Berlin und sein Vater war F\u00f6rster im Grunewald und er hat ihn immer aufgelassen. Wenn ein Schnaps \u00fcbrig blieb, hat er diesen auch konsumiert. \u00dcber den Pillkaller gibt es den Vers: &hellip; <a class=\"read-excerpt\" href=\"https:\/\/www.vereinigte-kalkwerke.de\/?page_id=921\">Weiterlesen <span class=\"meta-nav\">&raquo;<\/span><\/a><\/p>\n","protected":false},"author":2,"featured_media":0,"parent":407,"menu_order":1,"comment_status":"closed","ping_status":"closed","template":"","meta":[],"_links":{"self":[{"href":"https:\/\/www.vereinigte-kalkwerke.de\/index.php?rest_route=\/wp\/v2\/pages\/921"}],"collection":[{"href":"https:\/\/www.vereinigte-kalkwerke.de\/index.php?rest_route=\/wp\/v2\/pages"}],"about":[{"href":"https:\/\/www.vereinigte-kalkwerke.de\/index.php?rest_route=\/wp\/v2\/types\/page"}],"author":[{"embeddable":true,"href":"https:\/\/www.vereinigte-kalkwerke.de\/index.php?rest_route=\/wp\/v2\/users\/2"}],"replies":[{"embeddable":true,"href":"https:\/\/www.vereinigte-kalkwerke.de\/index.php?rest_route=%2Fwp%2Fv2%2Fcomments&post=921"}],"version-history":[{"count":5,"href":"https:\/\/www.vereinigte-kalkwerke.de\/index.php?rest_route=\/wp\/v2\/pages\/921\/revisions"}],"predecessor-version":[{"id":937,"href":"https:\/\/www.vereinigte-kalkwerke.de\/index.php?rest_route=\/wp\/v2\/pages\/921\/revisions\/937"}],"up":[{"embeddable":true,"href":"https:\/\/www.vereinigte-kalkwerke.de\/index.php?rest_route=\/wp\/v2\/pages\/407"}],"wp:attachment":[{"href":"https:\/\/www.vereinigte-kalkwerke.de\/index.php?rest_route=%2Fwp%2Fv2%2Fmedia&parent=921"}],"curies":[{"name":"wp","href":"https:\/\/api.w.org\/{rel}","templated":true}]}}